CRAN Package Check Results for Package crctStepdown

Last updated on 2025-09-30 20:50:35 CEST.

Flavor Version Tinstall Tcheck Ttotal Status Flags
r-devel-linux-x86_64-debian-clang 0.5.2 101.61 37.97 139.58 OK
r-devel-linux-x86_64-debian-gcc 0.5.2 88.75 37.64 126.39 OK
r-devel-linux-x86_64-fedora-clang 0.5.2 212.19 OK
r-devel-linux-x86_64-fedora-gcc 0.5.2 259.81 OK
r-devel-windows-x86_64 0.5.2 106.00 90.00 196.00 OK
r-patched-linux-x86_64 0.5.2 99.73 49.32 149.05 OK
r-release-linux-x86_64 0.5.2 118.25 48.39 166.64 OK
r-release-macos-arm64 0.5.2 65.00 OK
r-release-macos-x86_64 0.5.2 114.00 OK
r-release-windows-x86_64 0.5.2 107.00 87.00 194.00 OK
r-oldrel-macos-arm64 0.5.2 40.00 NOTE
r-oldrel-macos-x86_64 0.5.2 62.00 NOTE
r-oldrel-windows-x86_64 0.5.2 127.00 107.00 234.00 OK

Check Details

Version: 0.5.2
Check: installed package size
Result: NOTE installed size is 50.2Mb sub-directories of 1Mb or more: libs 50.1Mb Flavors: r-oldrel-macos-arm64, r-oldrel-macos-x86_64