CRAN Package Check Results for Package dfcrm

Last updated on 2025-11-09 19:50:57 CET.

Flavor Version Tinstall Tcheck Ttotal Status Flags
r-devel-linux-x86_64-debian-clang 0.2-2.1 4.39 32.69 37.08 NOTE
r-devel-linux-x86_64-debian-gcc 0.2-2.1 3.52 23.71 27.23 NOTE
r-devel-linux-x86_64-fedora-clang 0.2-2.1 54.03 OK
r-devel-linux-x86_64-fedora-gcc 0.2-2.1 51.65 OK
r-devel-windows-x86_64 0.2-2.1 6.00 50.00 56.00 OK
r-patched-linux-x86_64 0.2-2.1 4.50 30.59 35.09 OK
r-release-linux-x86_64 0.2-2.1 4.40 30.70 35.10 OK
r-release-macos-arm64 0.2-2.1 2.00 17.00 19.00 OK
r-release-macos-x86_64 0.2-2.1 3.00 31.00 34.00 OK
r-release-windows-x86_64 0.2-2.1 6.00 50.00 56.00 OK
r-oldrel-macos-arm64 0.2-2.1 2.00 21.00 23.00 OK
r-oldrel-macos-x86_64 0.2-2.1 5.00 27.00 32.00 OK
r-oldrel-windows-x86_64 0.2-2.1 5.00 55.00 60.00 OK

Check Details

Version: 0.2-2.1
Check: CRAN incoming feasibility
Result: NOTE Maintainer: ‘Jimmy Duong <jkd2108@columbia.edu>’ No Authors@R field in DESCRIPTION. Please add one, modifying Authors@R: c(person(given = "Ken", family = "Cheung", role = "aut", email = "yc632@columbia.edu"), person(given = "Jimmy", family = "Duong", role = "cre", email = "jkd2108@columbia.edu")) as necessary. Flavors: r-devel-linux-x86_64-debian-clang, r-devel-linux-x86_64-debian-gcc