Last updated on 2025-10-20 20:49:25 CEST.
Flavor | Version | Tinstall | Tcheck | Ttotal | Status | Flags |
---|---|---|---|---|---|---|
r-devel-linux-x86_64-debian-clang | 1.1.4 | 24.19 | 304.22 | 328.41 | NOTE | |
r-devel-linux-x86_64-debian-gcc | 1.1.4 | 14.53 | 197.87 | 212.40 | NOTE | |
r-devel-linux-x86_64-fedora-clang | 1.1.4 | 517.79 | NOTE | |||
r-devel-linux-x86_64-fedora-gcc | 1.1.4 | 509.91 | NOTE | |||
r-devel-windows-x86_64 | 1.1.4 | 2.00 | 5.00 | 7.00 | ERROR | |
r-patched-linux-x86_64 | 1.1.4 | 25.53 | 278.40 | 303.93 | NOTE | |
r-release-linux-x86_64 | 1.1.4 | 20.23 | 277.57 | 297.80 | NOTE | |
r-release-macos-arm64 | 1.1.4 | 194.00 | NOTE | |||
r-release-macos-x86_64 | 1.1.4 | 311.00 | NOTE | |||
r-release-windows-x86_64 | 1.1.4 | 1.00 | 5.00 | 6.00 | ERROR | |
r-oldrel-macos-arm64 | 1.1.4 | 137.00 | OK | |||
r-oldrel-macos-x86_64 | 1.1.4 | 232.00 | OK | |||
r-oldrel-windows-x86_64 | 1.1.4 | 2.00 | 10.00 | 12.00 | ERROR |
Version: 1.1.4
Check: compiled code
Result: NOTE
File ‘dplyr/libs/dplyr.so’:
Found non-API calls to R: ‘LEVELS’, ‘OBJECT’, ‘PRVALUE’,
‘R_shallow_duplicate_attr’, ‘Rf_allocSExp’, ‘SET_PRCODE’,
‘SET_PRENV’, ‘SET_PRVALUE’
Compiled code should not call non-API entry points in R.
See ‘Writing portable packages’ in the ‘Writing R Extensions’ manual,
and section ‘Moving into C API compliance’ for issues with the use of
non-API entry points.
Flavors: r-devel-linux-x86_64-debian-clang, r-devel-linux-x86_64-debian-gcc, r-devel-linux-x86_64-fedora-clang, r-devel-linux-x86_64-fedora-gcc, r-patched-linux-x86_64, r-release-linux-x86_64, r-release-macos-arm64, r-release-macos-x86_64
Version: 1.1.4
Check: HTML version of manual
Result: NOTE
Found the following HTML validation problems:
add_rownames.html:51:1 (add_rownames.Rd:12): Warning: missing </ul> before </div>
args_by.html:44:1 (args_by.Rd:11): Warning: missing </ul> before </div>
auto_copy.html:57:1 (auto_copy.Rd:17): Warning: missing </ul> before </div>
dplyr_by.html:294:1 (dplyr_by.Rd:224): Warning: missing </ul> before </div>
grouped_df.html:64:1 (grouped_df.Rd:20): Warning: missing </ul> before </div>
last_dplyr_warnings.html:51:1 (last_dplyr_warnings.Rd:11): Warning: missing </ul> before </div>
make_tbl.html:54:1 (make_tbl.Rd:15): Warning: missing </ul> before </div>
se-deprecated.html:163:1 (se-deprecated.Rd:106): Warning: missing </ul> before </div>
sql.html:49:1 (sql.Rd:11): Warning: missing </ul> before </div>
src.html:60:1 (src.Rd:21): Warning: missing </ul> before </div>
src_local.html:55:1 (src_local.Rd:16): Warning: missing </ul> before </div>
src_tbls.html:52:1 (src_tbls.Rd:12): Warning: missing </ul> before </div>
tbl.html:56:1 (tbl.Rd:17): Warning: missing </ul> before </div>
tbl_df.html:49:1 (tbl_df.Rd:13): Warning: missing </ul> before </div>
with_order.html:54:1 (with_order.Rd:14): Warning: missing </ul> before </div>
Flavor: r-devel-linux-x86_64-debian-gcc
Version: 1.1.4
Check: whether package can be installed
Result: ERROR
Installation failed.
Flavors: r-devel-windows-x86_64, r-release-windows-x86_64, r-oldrel-windows-x86_64