Last updated on 2025-10-21 19:51:21 CEST.
Flavor | Version | Tinstall | Tcheck | Ttotal | Status | Flags |
---|---|---|---|---|---|---|
r-devel-linux-x86_64-debian-clang | 0.2.0.1 | 3.86 | 35.05 | 38.91 | NOTE | |
r-devel-linux-x86_64-debian-gcc | 0.2.0.1 | 3.09 | 27.22 | 30.31 | NOTE | |
r-devel-linux-x86_64-fedora-clang | 0.2.0.1 | 57.61 | OK | |||
r-devel-linux-x86_64-fedora-gcc | 0.2.0.1 | 54.01 | OK | |||
r-devel-windows-x86_64 | 0.2.0.1 | 6.00 | 50.00 | 56.00 | OK | |
r-patched-linux-x86_64 | 0.2.0.1 | 3.32 | 32.14 | 35.46 | OK | |
r-release-linux-x86_64 | 0.2.0.1 | 3.71 | 32.34 | 36.05 | OK | |
r-release-macos-arm64 | 0.2.0.1 | 2.00 | 21.00 | 23.00 | OK | |
r-release-macos-x86_64 | 0.2.0.1 | 4.00 | 46.00 | 50.00 | OK | |
r-release-windows-x86_64 | 0.2.0.1 | 8.00 | 51.00 | 59.00 | OK | |
r-oldrel-macos-arm64 | 0.2.0.1 | 2.00 | 19.00 | 21.00 | OK | |
r-oldrel-macos-x86_64 | 0.2.0.1 | 3.00 | 28.00 | 31.00 | OK | |
r-oldrel-windows-x86_64 | 0.2.0.1 | 7.00 | 60.00 | 67.00 | OK |
Version: 0.2.0.1
Check: HTML version of manual
Result: NOTE
Found the following HTML validation problems:
canvas.html:114:1 (canvas.Rd:63): Warning: <h4> anchor "height" already defined
Flavors: r-devel-linux-x86_64-debian-clang, r-devel-linux-x86_64-debian-gcc