Last updated on 2025-10-21 19:51:21 CEST.
Flavor | Version | Tinstall | Tcheck | Ttotal | Status | Flags |
---|---|---|---|---|---|---|
r-devel-linux-x86_64-debian-clang | 0.5.2 | 4.88 | 57.61 | 62.49 | NOTE | |
r-devel-linux-x86_64-debian-gcc | 0.5.2 | 3.48 | 41.21 | 44.69 | NOTE | |
r-devel-linux-x86_64-fedora-clang | 0.5.2 | 12.00 | 80.86 | 92.86 | OK | |
r-devel-linux-x86_64-fedora-gcc | 0.5.2 | 87.00 | OK | |||
r-devel-windows-x86_64 | 0.5.2 | 7.00 | 83.00 | 90.00 | OK | |
r-patched-linux-x86_64 | 0.5.2 | 6.10 | 53.04 | 59.14 | OK | |
r-release-linux-x86_64 | 0.5.2 | 4.88 | 53.11 | 57.99 | OK | |
r-release-macos-arm64 | 0.5.2 | 3.00 | 32.00 | 35.00 | OK | |
r-release-macos-x86_64 | 0.5.2 | 4.00 | 57.00 | 61.00 | OK | |
r-release-windows-x86_64 | 0.5.2 | 8.00 | 88.00 | 96.00 | OK | |
r-oldrel-macos-arm64 | 0.5.2 | 2.00 | 27.00 | 29.00 | OK | |
r-oldrel-macos-x86_64 | 0.5.2 | 9.00 | 76.00 | 85.00 | OK | |
r-oldrel-windows-x86_64 | 0.5.2 | 9.00 | 105.00 | 114.00 | OK |
Version: 0.5.2
Check: HTML version of manual
Result: NOTE
Found the following HTML validation problems:
params.html:139:1 (params.Rd:60): Warning: missing </ul> before </div>
Flavors: r-devel-linux-x86_64-debian-clang, r-devel-linux-x86_64-debian-gcc