CRAN Package Check Results for Package dydea

Last updated on 2025-10-16 20:49:28 CEST.

Flavor Version Tinstall Tcheck Ttotal Status Flags
r-devel-linux-x86_64-debian-clang 0.1.0 1.98 30.38 32.36 OK
r-devel-linux-x86_64-debian-gcc 0.1.0 1.67 22.23 23.90 OK
r-devel-linux-x86_64-fedora-clang 0.1.0 53.10 OK
r-devel-linux-x86_64-fedora-gcc 0.1.0 45.88 OK
r-devel-windows-x86_64 0.1.0 3.00 48.00 51.00 OK
r-patched-linux-x86_64 0.1.0 2.06 28.15 30.21 OK
r-release-linux-x86_64 0.1.0 2.03 28.11 30.14 OK
r-release-macos-arm64 0.1.0 23.00 OK
r-release-macos-x86_64 0.1.0 35.00 OK
r-release-windows-x86_64 0.1.0 3.00 50.00 53.00 OK
r-oldrel-macos-arm64 0.1.0 20.00 NOTE
r-oldrel-macos-x86_64 0.1.0 28.00 NOTE
r-oldrel-windows-x86_64 0.1.0 3.00 56.00 59.00 NOTE

Check Details

Version: 0.1.0
Check: LazyData
Result: NOTE 'LazyData' is specified without a 'data' directory Flavors: r-oldrel-macos-arm64, r-oldrel-macos-x86_64, r-oldrel-windows-x86_64