Last updated on 2025-11-09 07:49:50 CET.
| Flavor | Version | Tinstall | Tcheck | Ttotal | Status | Flags |
|---|---|---|---|---|---|---|
| r-devel-linux-x86_64-debian-clang | 2.1.0 | 72.12 | 33.24 | 105.36 | OK | |
| r-devel-linux-x86_64-debian-gcc | 2.1.0 | 49.70 | 26.03 | 75.73 | OK | |
| r-devel-linux-x86_64-fedora-clang | 2.1.0 | 160.00 | 48.43 | 208.43 | OK | |
| r-devel-linux-x86_64-fedora-gcc | 2.1.0 | 120.00 | 78.99 | 198.99 | OK | |
| r-devel-windows-x86_64 | 2.1.0 | 79.00 | 76.00 | 155.00 | OK | |
| r-patched-linux-x86_64 | 2.1.0 | 75.66 | 31.22 | 106.88 | OK | |
| r-release-linux-x86_64 | 2.1.0 | 73.96 | 31.12 | 105.08 | OK | |
| r-release-macos-arm64 | 2.1.0 | 26.00 | 24.00 | 50.00 | OK | |
| r-release-macos-x86_64 | 2.1.0 | 26.00 | 51.00 | 77.00 | OK | |
| r-release-windows-x86_64 | 2.1.0 | 80.00 | 75.00 | 155.00 | OK | |
| r-oldrel-macos-arm64 | 2.1.0 | 30.00 | 24.00 | 54.00 | NOTE | |
| r-oldrel-macos-x86_64 | 2.1.0 | 28.00 | 52.00 | 80.00 | NOTE | |
| r-oldrel-windows-x86_64 | 2.1.0 | 84.00 | 94.00 | 178.00 | OK |
Version: 2.1.0
Check: installed package size
Result: NOTE
installed size is 7.6Mb
sub-directories of 1Mb or more:
doc 1.8Mb
libs 5.7Mb
Flavors: r-oldrel-macos-arm64, r-oldrel-macos-x86_64