Last updated on 2025-11-09 19:50:59 CET.
| Flavor | Version | Tinstall | Tcheck | Ttotal | Status | Flags |
|---|---|---|---|---|---|---|
| r-devel-linux-x86_64-debian-clang | 17.1 | 20.09 | 420.49 | 440.58 | OK | |
| r-devel-linux-x86_64-debian-gcc | 17.1 | 12.22 | 284.78 | 297.00 | OK | |
| r-devel-linux-x86_64-fedora-clang | 17.1 | 91.00 | 630.82 | 721.82 | OK | |
| r-devel-linux-x86_64-fedora-gcc | 17.1 | 38.00 | 663.06 | 701.06 | OK | |
| r-devel-windows-x86_64 | 17.1 | 26.00 | 421.00 | 447.00 | OK | |
| r-patched-linux-x86_64 | 17.1 | 19.96 | 415.07 | 435.03 | OK | |
| r-release-linux-x86_64 | 17.1 | 18.69 | 396.71 | 415.40 | OK | |
| r-release-macos-arm64 | 17.1 | 11.00 | 177.00 | 188.00 | OK | |
| r-release-macos-x86_64 | 17.1 | 20.00 | 403.00 | 423.00 | OK | |
| r-release-windows-x86_64 | 17.1 | 27.00 | 432.00 | 459.00 | OK | |
| r-oldrel-macos-arm64 | 17.1 | 11.00 | 178.00 | 189.00 | WARN | |
| r-oldrel-macos-x86_64 | 17.1 | 20.00 | 396.00 | 416.00 | WARN | |
| r-oldrel-windows-x86_64 | 17.1 | 32.00 | 574.00 | 606.00 | WARN |
Version: 17.1
Check: Rd cross-references
Result: WARN
Missing link or links in Rd file 'offGridWeights.Rd':
‘ predictSurface’
See section 'Cross-references' in the 'Writing R Extensions' manual.
Flavors: r-oldrel-macos-arm64, r-oldrel-macos-x86_64, r-oldrel-windows-x86_64