CRAN Package Check Results for Package fledge

Last updated on 2025-07-22 08:48:31 CEST.

Flavor Version Tinstall Tcheck Ttotal Status Flags
r-devel-linux-x86_64-debian-clang 0.1.2 4.34 74.68 79.02 NOTE
r-devel-linux-x86_64-debian-gcc 0.1.2 3.17 52.60 55.77 NOTE
r-devel-linux-x86_64-fedora-clang 0.1.2 113.55 OK
r-devel-linux-x86_64-fedora-gcc 0.1.2 122.17 OK
r-devel-windows-x86_64 0.1.2 6.00 107.00 113.00 NOTE
r-patched-linux-x86_64 0.1.2 3.77 66.68 70.45 NOTE
r-release-linux-x86_64 0.1.2 3.94 66.78 70.72 NOTE
r-release-macos-arm64 0.1.2 60.00 OK
r-release-macos-x86_64 0.1.2 107.00 OK
r-release-windows-x86_64 0.1.2 7.00 110.00 117.00 NOTE
r-oldrel-macos-arm64 0.1.2 45.00 OK
r-oldrel-macos-x86_64 0.1.2 76.00 OK
r-oldrel-windows-x86_64 0.1.2 8.00 121.00 129.00 OK

Check Details

Version: 0.1.2
Check: Rd cross-references
Result: NOTE Found the following Rd file(s) with Rd \link{} targets missing package anchors: get_top_level_commits.Rd: tibble Please provide package anchors for all Rd \link{} targets not in the package itself and the base packages. Flavors: r-devel-linux-x86_64-debian-clang, r-devel-linux-x86_64-debian-gcc, r-devel-windows-x86_64, r-patched-linux-x86_64, r-release-linux-x86_64, r-release-windows-x86_64