Last updated on 2025-09-30 20:50:38 CEST.
Flavor | Version | Tinstall | Tcheck | Ttotal | Status | Flags |
---|---|---|---|---|---|---|
r-devel-linux-x86_64-debian-clang | 1.0.0 | 5.92 | 54.10 | 60.02 | OK | |
r-devel-linux-x86_64-debian-gcc | 1.0.0 | 3.60 | 40.47 | 44.07 | OK | |
r-devel-linux-x86_64-fedora-clang | 1.0.0 | 92.40 | NOTE | |||
r-devel-linux-x86_64-fedora-gcc | 1.0.0 | 85.69 | NOTE | |||
r-devel-windows-x86_64 | 1.0.0 | 9.00 | 65.00 | 74.00 | OK | |
r-patched-linux-x86_64 | 1.0.0 | 6.34 | 50.62 | 56.96 | OK | |
r-release-linux-x86_64 | 1.0.0 | 5.18 | 51.18 | 56.36 | OK | |
r-release-macos-arm64 | 1.0.0 | 25.00 | OK | |||
r-release-macos-x86_64 | 1.0.0 | 45.00 | OK | |||
r-release-windows-x86_64 | 1.0.0 | 8.00 | 66.00 | 74.00 | OK | |
r-oldrel-macos-arm64 | 1.0.0 | 25.00 | OK | |||
r-oldrel-macos-x86_64 | 1.0.0 | 38.00 | OK | |||
r-oldrel-windows-x86_64 | 1.0.0 | 11.00 | 80.00 | 91.00 | OK |
Version: 1.0.0
Check: dependencies in R code
Result: NOTE
Namespaces in Imports field not imported from:
‘dplyr’ ‘forrel’ ‘pedtools’ ‘plotly’
All declared Imports should be used.
Flavors: r-devel-linux-x86_64-fedora-clang, r-devel-linux-x86_64-fedora-gcc