CRAN Package Check Results for Package fruclimadapt

Last updated on 2025-09-30 20:50:38 CEST.

Flavor Version Tinstall Tcheck Ttotal Status Flags
r-devel-linux-x86_64-debian-clang 0.4.5 7.65 69.06 76.71 NOTE
r-devel-linux-x86_64-debian-gcc 0.4.5 5.11 47.12 52.23 NOTE
r-devel-linux-x86_64-fedora-clang 0.4.5 113.28 OK
r-devel-linux-x86_64-fedora-gcc 0.4.5 102.39 OK
r-devel-windows-x86_64 0.4.5 10.00 85.00 95.00 OK
r-patched-linux-x86_64 0.4.5 7.45 63.19 70.64 OK
r-release-linux-x86_64 0.4.5 6.98 63.34 70.32 OK
r-release-macos-arm64 0.4.5 50.00 OK
r-release-macos-x86_64 0.4.5 61.00 OK
r-release-windows-x86_64 0.4.5 9.00 87.00 96.00 OK
r-oldrel-macos-arm64 0.4.5 32.00 OK
r-oldrel-macos-x86_64 0.4.5 53.00 OK
r-oldrel-windows-x86_64 0.4.5 11.00 107.00 118.00 OK

Check Details

Version: 0.4.5
Check: CRAN incoming feasibility
Result: NOTE Maintainer: ‘Carlos Miranda <carlos.miranda@unavarra.es>’ No Authors@R field in DESCRIPTION. Please add one, modifying Authors@R: person(given = "Carlos", family = "Miranda", role = c("aut", "cre"), email = "carlos.miranda@unavarra.es") as necessary. Flavors: r-devel-linux-x86_64-debian-clang, r-devel-linux-x86_64-debian-gcc