Last updated on 2025-04-22 08:50:34 CEST.
Flavor | Version | Tinstall | Tcheck | Ttotal | Status | Flags |
---|---|---|---|---|---|---|
r-devel-linux-x86_64-debian-clang | 0.9.8 | 19.66 | 60.63 | 80.29 | ERROR | |
r-devel-linux-x86_64-debian-gcc | 0.9.8 | 13.05 | 45.77 | 58.82 | OK | |
r-devel-linux-x86_64-fedora-clang | 0.9.8 | 143.31 | OK | |||
r-devel-linux-x86_64-fedora-gcc | 0.9.8 | 132.05 | OK | |||
r-devel-windows-x86_64 | 0.9.8 | 24.00 | 89.00 | 113.00 | OK | |
r-patched-linux-x86_64 | 0.9.8 | 19.56 | 59.91 | 79.47 | OK | |
r-release-linux-x86_64 | 0.9.8 | 18.47 | 60.52 | 78.99 | OK | |
r-release-macos-arm64 | 0.9.8 | 41.00 | OK | |||
r-release-macos-x86_64 | 0.9.8 | 66.00 | OK | |||
r-release-windows-x86_64 | 0.9.8 | 27.00 | 91.00 | 118.00 | OK | |
r-oldrel-macos-arm64 | 0.9.8 | 40.00 | OK | |||
r-oldrel-macos-x86_64 | 0.9.8 | 54.00 | OK | |||
r-oldrel-windows-x86_64 | 0.9.8 | 28.00 | 110.00 | 138.00 | OK |
Version: 0.9.8
Check: tests
Result: ERROR
Running ‘testthat.R’ [35s/39s]
Running the tests in ‘tests/testthat.R’ failed.
Complete output:
>
> # required packages
> library(testthat)
> library(fst)
>
> # run tests
> test_check("fst")
corrupted size vs. prev_size while consolidating
Aborted
Flavor: r-devel-linux-x86_64-debian-clang