Last updated on 2025-11-09 07:49:51 CET.
| Flavor | Version | Tinstall | Tcheck | Ttotal | Status | Flags |
|---|---|---|---|---|---|---|
| r-devel-linux-x86_64-debian-clang | 1.2.11 | 85.13 | 39.28 | 124.41 | OK | |
| r-devel-linux-x86_64-debian-gcc | 1.2.11 | 64.82 | 28.84 | 93.66 | OK | |
| r-devel-linux-x86_64-fedora-clang | 1.2.11 | 254.00 | -12.46 | 241.54 | OK | |
| r-devel-linux-x86_64-fedora-gcc | 1.2.11 | 219.00 | 32.71 | 251.71 | OK | |
| r-devel-windows-x86_64 | 1.2.11 | 102.00 | 83.00 | 185.00 | OK | |
| r-patched-linux-x86_64 | 1.2.11 | 90.91 | 34.55 | 125.46 | OK | |
| r-release-linux-x86_64 | 1.2.11 | 92.28 | 34.78 | 127.06 | OK | |
| r-release-macos-arm64 | 1.2.11 | 38.00 | 20.00 | 58.00 | OK | |
| r-release-macos-x86_64 | 1.2.11 | 30.00 | 38.00 | 68.00 | OK | |
| r-release-windows-x86_64 | 1.2.11 | 98.00 | 82.00 | 180.00 | OK | |
| r-oldrel-macos-arm64 | 1.2.11 | 33.00 | 29.00 | 62.00 | NOTE | |
| r-oldrel-macos-x86_64 | 1.2.11 | 45.00 | 51.00 | 96.00 | NOTE | |
| r-oldrel-windows-x86_64 | 1.2.11 | 118.00 | 95.00 | 213.00 | OK |
Version: 1.2.11
Check: installed package size
Result: NOTE
installed size is 12.1Mb
sub-directories of 1Mb or more:
doc 1.5Mb
libs 9.6Mb
Flavors: r-oldrel-macos-arm64, r-oldrel-macos-x86_64