Last updated on 2025-07-22 08:48:32 CEST.
Flavor | Version | Tinstall | Tcheck | Ttotal | Status | Flags |
---|---|---|---|---|---|---|
r-devel-linux-x86_64-debian-clang | 0.3.1 | 3.22 | 392.45 | 395.67 | OK | |
r-devel-linux-x86_64-debian-gcc | 0.3.1 | 2.13 | 0.03 | 2.16 | FAIL | |
r-devel-linux-x86_64-fedora-clang | 0.3.1 | 639.07 | OK | |||
r-devel-linux-x86_64-fedora-gcc | 0.3.1 | 600.71 | OK | |||
r-devel-windows-x86_64 | 0.3.1 | 6.00 | 329.00 | 335.00 | OK | |
r-patched-linux-x86_64 | 0.3.1 | 4.27 | 366.26 | 370.53 | OK | |
r-release-linux-x86_64 | 0.3.1 | 2.75 | 365.15 | 367.90 | OK | |
r-release-macos-arm64 | 0.3.1 | 156.00 | OK | |||
r-release-macos-x86_64 | 0.3.1 | 308.00 | OK | |||
r-release-windows-x86_64 | 0.3.1 | 5.00 | 330.00 | 335.00 | OK | |
r-oldrel-macos-arm64 | 0.3.1 | 155.00 | OK | |||
r-oldrel-macos-x86_64 | 0.3.1 | 436.00 | OK | |||
r-oldrel-windows-x86_64 | 0.3.1 | 6.00 | 459.00 | 465.00 | OK |
Version: 0.3.1
Check: tests
Result: FAIL
Flavor: r-devel-linux-x86_64-debian-gcc