Last updated on 2025-11-09 07:49:52 CET.
| Flavor | Version | Tinstall | Tcheck | Ttotal | Status | Flags |
|---|---|---|---|---|---|---|
| r-devel-linux-x86_64-debian-clang | 0.1.5 | 6.44 | 57.45 | 63.89 | NOTE | |
| r-devel-linux-x86_64-debian-gcc | 0.1.5 | 4.77 | 42.91 | 47.68 | NOTE | |
| r-devel-linux-x86_64-fedora-clang | 0.1.5 | 31.00 | 74.35 | 105.35 | OK | |
| r-devel-linux-x86_64-fedora-gcc | 0.1.5 | 40.00 | 59.15 | 99.15 | OK | |
| r-devel-windows-x86_64 | 0.1.5 | 10.00 | 66.00 | 76.00 | OK | |
| r-patched-linux-x86_64 | 0.1.5 | 6.51 | 55.16 | 61.67 | OK | |
| r-release-linux-x86_64 | 0.1.5 | 6.63 | 55.15 | 61.78 | OK | |
| r-release-macos-arm64 | 0.1.5 | 15.00 | 30.00 | 45.00 | OK | |
| r-release-macos-x86_64 | 0.1.5 | 18.00 | 40.00 | 58.00 | OK | |
| r-release-windows-x86_64 | 0.1.5 | 8.00 | 64.00 | 72.00 | OK | |
| r-oldrel-macos-arm64 | 0.1.5 | 7.00 | 23.00 | 30.00 | NOTE | |
| r-oldrel-macos-x86_64 | 0.1.5 | 13.00 | 34.00 | 47.00 | NOTE | |
| r-oldrel-windows-x86_64 | 0.1.5 | 12.00 | 83.00 | 95.00 | NOTE |
Version: 0.1.5
Check: CRAN incoming feasibility
Result: NOTE
Maintainer: ‘Calli Gross <ggthemeassist@icloud.com>’
No Authors@R field in DESCRIPTION.
Please add one, modifying
Authors@R: c(person(given = "Calli",
family = "Gross",
role = c("aut", "cre"),
email = "ggthemeassist@icloud.com"),
person(given = "Philipp",
family = "Ottolinger",
role = c("aut", "ctb")))
as necessary.
Flavors: r-devel-linux-x86_64-debian-clang, r-devel-linux-x86_64-debian-gcc
Version: 0.1.5
Check: LazyData
Result: NOTE
'LazyData' is specified without a 'data' directory
Flavors: r-oldrel-macos-arm64, r-oldrel-macos-x86_64, r-oldrel-windows-x86_64