Last updated on 2025-10-21 19:51:24 CEST.
Flavor | Version | Tinstall | Tcheck | Ttotal | Status | Flags |
---|---|---|---|---|---|---|
r-devel-linux-x86_64-debian-clang | 0.1 | 20.31 | 158.57 | 178.88 | NOTE | |
r-devel-linux-x86_64-debian-gcc | 0.1 | 14.56 | 112.05 | 126.61 | NOTE | |
r-devel-linux-x86_64-fedora-clang | 0.1 | 103.00 | 183.86 | 286.86 | OK | |
r-devel-linux-x86_64-fedora-gcc | 0.1 | 40.00 | 209.97 | 249.97 | OK | |
r-devel-windows-x86_64 | 0.1 | 19.00 | 133.00 | 152.00 | OK | |
r-patched-linux-x86_64 | 0.1 | 16.99 | 144.05 | 161.04 | OK | |
r-release-linux-x86_64 | 0.1 | 17.77 | 143.52 | 161.29 | OK | |
r-release-macos-arm64 | 0.1 | 8.00 | 55.00 | 63.00 | OK | |
r-release-macos-x86_64 | 0.1 | 6.00 | ERROR | |||
r-release-windows-x86_64 | 0.1 | 21.00 | 138.00 | 159.00 | OK | |
r-oldrel-macos-arm64 | 0.1 | 9.00 | 60.00 | 69.00 | OK | |
r-oldrel-macos-x86_64 | 0.1 | 17.00 | 84.00 | 101.00 | OK | |
r-oldrel-windows-x86_64 | 0.1 | 28.00 | 185.00 | 213.00 | OK |
Version: 0.1
Check: CRAN incoming feasibility
Result: NOTE
Maintainer: ‘Mohamed Soudy <MohmedSoudy2009@gmail.com>’
No Authors@R field in DESCRIPTION.
Please add one, modifying
Authors@R: person(given = "Mohamed",
family = "Soudy",
role = c("aut", "cre"),
email = "mohmedsoudy2009@gmail.com")
as necessary.
Flavors: r-devel-linux-x86_64-debian-clang, r-devel-linux-x86_64-debian-gcc
Version: 0.1
Check: package dependencies
Result: ERROR
Package required but not available: ‘ggmsa’
See section ‘The DESCRIPTION file’ in the ‘Writing R Extensions’
manual.
Flavor: r-release-macos-x86_64