CRAN Package Check Results for Package ggmapinset

Last updated on 2025-07-21 08:50:04 CEST.

Flavor Version Tinstall Tcheck Ttotal Status Flags
r-devel-linux-x86_64-debian-clang 0.4.0 6.92 97.65 104.57 NOTE
r-devel-linux-x86_64-debian-gcc 0.4.0 4.92 70.90 75.82 NOTE
r-devel-linux-x86_64-fedora-clang 0.4.0 158.67 NOTE
r-devel-linux-x86_64-fedora-gcc 0.4.0 167.38 NOTE
r-devel-windows-x86_64 0.4.0 10.00 103.00 113.00 NOTE
r-patched-linux-x86_64 0.4.0 7.63 90.53 98.16 NOTE
r-release-linux-x86_64 0.4.0 7.30 92.28 99.58 NOTE
r-release-macos-arm64 0.4.0 107.00 NOTE
r-release-macos-x86_64 0.4.0 96.00 NOTE
r-release-windows-x86_64 0.4.0 10.00 100.00 110.00 NOTE
r-oldrel-macos-arm64 0.4.0 53.00 OK
r-oldrel-macos-x86_64 0.4.0 91.00 OK
r-oldrel-windows-x86_64 0.4.0 12.00 123.00 135.00 OK

Check Details

Version: 0.4.0
Check: DESCRIPTION meta-information
Result: NOTE Missing dependency on R >= 4.1.0 because package code uses the pipe |> or function shorthand \(...) syntax added in R 4.1.0. File(s) using such syntax: ‘inset_shape_circle.R’ ‘inset_shape_rectangle.R’ ‘inset_shape_sf.R’ Flavors: r-devel-linux-x86_64-debian-clang, r-devel-linux-x86_64-debian-gcc, r-devel-linux-x86_64-fedora-clang, r-devel-linux-x86_64-fedora-gcc, r-devel-windows-x86_64, r-patched-linux-x86_64, r-release-linux-x86_64, r-release-macos-arm64, r-release-macos-x86_64, r-release-windows-x86_64