CRAN Package Check Results for Package govinfoR

Last updated on 2025-09-30 20:50:40 CEST.

Flavor Version Tinstall Tcheck Ttotal Status Flags
r-devel-linux-x86_64-debian-clang 0.0.3 1.94 22.05 23.99 NOTE
r-devel-linux-x86_64-debian-gcc 0.0.3 1.19 17.50 18.69 NOTE
r-devel-linux-x86_64-fedora-clang 0.0.3 32.32 NOTE
r-devel-linux-x86_64-fedora-gcc 0.0.3 29.89 NOTE
r-devel-windows-x86_64 0.0.3 3.00 41.00 44.00 NOTE
r-patched-linux-x86_64 0.0.3 1.96 19.61 21.57 NOTE
r-release-linux-x86_64 0.0.3 1.96 19.64 21.60 NOTE
r-release-macos-arm64 0.0.3 18.00 NOTE
r-release-macos-x86_64 0.0.3 29.00 NOTE
r-release-windows-x86_64 0.0.3 4.00 42.00 46.00 NOTE
r-oldrel-macos-arm64 0.0.3 15.00 OK
r-oldrel-macos-x86_64 0.0.3 30.00 OK
r-oldrel-windows-x86_64 0.0.3 4.00 47.00 51.00 OK

Check Details

Version: 0.0.3
Check: DESCRIPTION meta-information
Result: NOTE Missing dependency on R >= 4.1.0 because package code uses the pipe |> or function shorthand \(...) syntax added in R 4.1.0. File(s) using such syntax: ‘collections.R’ ‘packages.R’ ‘published.R’ ‘related.R’ ‘utils.R’ Flavors: r-devel-linux-x86_64-debian-clang, r-devel-linux-x86_64-debian-gcc, r-devel-linux-x86_64-fedora-clang, r-devel-linux-x86_64-fedora-gcc, r-devel-windows-x86_64, r-patched-linux-x86_64, r-release-linux-x86_64, r-release-macos-arm64, r-release-macos-x86_64, r-release-windows-x86_64