Last updated on 2025-10-21 08:50:43 CEST.
Flavor | Version | Tinstall | Tcheck | Ttotal | Status | Flags |
---|---|---|---|---|---|---|
r-devel-linux-x86_64-debian-clang | 0.1.2 | 1.97 | 25.59 | 27.56 | OK | |
r-devel-linux-x86_64-debian-gcc | 0.1.2 | 1.56 | 20.67 | 22.23 | NOTE | |
r-devel-linux-x86_64-fedora-clang | 0.1.2 | 39.89 | OK | |||
r-devel-linux-x86_64-fedora-gcc | 0.1.2 | 50.28 | OK | |||
r-devel-windows-x86_64 | 0.1.2 | 4.00 | 48.00 | 52.00 | OK | |
r-patched-linux-x86_64 | 0.1.2 | 2.04 | 22.91 | 24.95 | OK | |
r-release-linux-x86_64 | 0.1.2 | 1.78 | 22.96 | 24.74 | OK | |
r-release-macos-arm64 | 0.1.2 | 36.00 | OK | |||
r-release-macos-x86_64 | 0.1.2 | 38.00 | OK | |||
r-release-windows-x86_64 | 0.1.2 | 4.00 | 51.00 | 55.00 | OK | |
r-oldrel-macos-arm64 | 0.1.2 | 21.00 | NOTE | |||
r-oldrel-macos-x86_64 | 0.1.2 | 31.00 | NOTE | |||
r-oldrel-windows-x86_64 | 0.1.2 | 5.00 | 56.00 | 61.00 | NOTE |
Version: 0.1.2
Check: HTML version of manual
Result: NOTE
Found the following HTML validation problems:
gh_bbox.html:52:1 (gh_bbox.Rd:16): Warning: missing </ul> before </div>
gh_points.html:46:1 (gh_points.Rd:10): Warning: missing </ul> before </div>
gh_spt_columns.html:69:1 (gh_spt_columns.Rd:23): Warning: missing </ul> before </div>
gh_time_distance.html:46:1 (gh_time_distance.Rd:10): Warning: missing </ul> before </div>
Flavor: r-devel-linux-x86_64-debian-gcc
Version: 0.1.2
Check: LazyData
Result: NOTE
'LazyData' is specified without a 'data' directory
Flavors: r-oldrel-macos-arm64, r-oldrel-macos-x86_64, r-oldrel-windows-x86_64