CRAN Package Check Results for Package gridSVG

Last updated on 2025-07-21 08:50:04 CEST.

Flavor Version Tinstall Tcheck Ttotal Status Flags
r-devel-linux-x86_64-debian-clang 1.7-5 11.72 127.43 139.15 NOTE
r-devel-linux-x86_64-debian-gcc 1.7-5 7.44 86.58 94.02 NOTE
r-devel-linux-x86_64-fedora-clang 1.7-5 211.87 NOTE
r-devel-linux-x86_64-fedora-gcc 1.7-5 210.73 NOTE
r-devel-windows-x86_64 1.7-5 13.00 159.00 172.00 NOTE
r-patched-linux-x86_64 1.7-5 11.59 118.67 130.26 NOTE
r-release-linux-x86_64 1.7-5 10.22 118.44 128.66 NOTE
r-release-macos-arm64 1.7-5 68.00 NOTE
r-release-macos-x86_64 1.7-5 222.00 NOTE
r-release-windows-x86_64 1.7-5 13.00 161.00 174.00 NOTE
r-oldrel-macos-arm64 1.7-5 71.00 NOTE
r-oldrel-macos-x86_64 1.7-5 111.00 NOTE
r-oldrel-windows-x86_64 1.7-5 17.00 191.00 208.00 NOTE

Check Details

Version: 1.7-5
Check: Rd files
Result: NOTE checkRd: (-1) NEWS.Rd:669: Lost braces; missing escapes or markup? 669 | parameters are rounded so they belong to one of {0, 0.5, 1}. (Simon) | ^ checkRd: (-1) gradients.Rd:96-99: Lost braces in \itemize; meant \describe ? checkRd: (-1) gradients.Rd:100-103: Lost braces in \itemize; meant \describe ? checkRd: (-1) gradients.Rd:104-107: Lost braces in \itemize; meant \describe ? Flavors: r-devel-linux-x86_64-debian-clang, r-devel-linux-x86_64-debian-gcc, r-devel-linux-x86_64-fedora-clang, r-devel-linux-x86_64-fedora-gcc, r-devel-windows-x86_64, r-patched-linux-x86_64, r-release-linux-x86_64, r-release-macos-arm64, r-release-macos-x86_64, r-release-windows-x86_64, r-oldrel-macos-arm64, r-oldrel-macos-x86_64, r-oldrel-windows-x86_64

Version: 1.7-5
Check: Rd cross-references
Result: NOTE Found the following Rd file(s) with Rd \link{} targets missing package anchors: readCoordsJS.Rd: fromJSON readMappingsJS.Rd: fromJSON Please provide package anchors for all Rd \link{} targets not in the package itself and the base packages. Flavors: r-devel-linux-x86_64-debian-clang, r-devel-linux-x86_64-debian-gcc, r-devel-windows-x86_64, r-patched-linux-x86_64, r-release-linux-x86_64, r-release-windows-x86_64