Last updated on 2025-07-22 08:48:33 CEST.
Flavor | Version | Tinstall | Tcheck | Ttotal | Status | Flags |
---|---|---|---|---|---|---|
r-devel-linux-x86_64-debian-clang | 1.0.0 | 28.11 | 54.55 | 82.66 | OK | |
r-devel-linux-x86_64-debian-gcc | 1.1.0 | 20.16 | 44.59 | 64.75 | OK | |
r-devel-linux-x86_64-fedora-clang | 1.1.0 | 151.03 | OK | |||
r-devel-linux-x86_64-fedora-gcc | 1.1.0 | 153.35 | OK | |||
r-devel-windows-x86_64 | 1.1.0 | 32.00 | 97.00 | 129.00 | OK | |
r-patched-linux-x86_64 | 1.0.0 | 28.73 | 52.27 | 81.00 | OK | |
r-release-linux-x86_64 | 1.1.0 | 27.13 | 56.51 | 83.64 | OK | |
r-release-macos-arm64 | 1.0.0 | 49.00 | OK | |||
r-release-macos-x86_64 | 1.1.0 | 79.00 | OK | |||
r-release-windows-x86_64 | 1.1.0 | 32.00 | 94.00 | 126.00 | OK | |
r-oldrel-macos-arm64 | 1.0.0 | 48.00 | NOTE | |||
r-oldrel-macos-x86_64 | 1.1.0 | 98.00 | NOTE | |||
r-oldrel-windows-x86_64 | 1.1.0 | 35.00 | 119.00 | 154.00 | OK |
Version: 1.0.0
Check: installed package size
Result: NOTE
installed size is 8.2Mb
sub-directories of 1Mb or more:
help 1.8Mb
libs 6.1Mb
Flavor: r-oldrel-macos-arm64
Version: 1.1.0
Check: installed package size
Result: NOTE
installed size is 8.3Mb
sub-directories of 1Mb or more:
help 1.9Mb
libs 6.1Mb
Flavor: r-oldrel-macos-x86_64