Last updated on 2025-10-21 19:51:25 CEST.
Flavor | Version | Tinstall | Tcheck | Ttotal | Status | Flags |
---|---|---|---|---|---|---|
r-devel-linux-x86_64-debian-clang | 0.1.0 | 7.01 | 60.64 | 67.65 | NOTE | |
r-devel-linux-x86_64-debian-gcc | 0.1.0 | 4.51 | 42.63 | 47.14 | NOTE | |
r-devel-linux-x86_64-fedora-clang | 0.1.0 | 16.00 | 87.64 | 103.64 | NOTE | |
r-devel-linux-x86_64-fedora-gcc | 0.1.0 | 14.00 | 80.97 | 94.97 | NOTE | |
r-devel-windows-x86_64 | 0.1.0 | 8.00 | 76.00 | 84.00 | OK | |
r-patched-linux-x86_64 | 0.1.0 | 6.10 | 56.56 | 62.66 | OK | |
r-release-linux-x86_64 | 0.1.0 | 6.03 | 57.07 | 63.10 | OK | |
r-release-macos-arm64 | 0.1.0 | 3.00 | 26.00 | 29.00 | OK | |
r-release-macos-x86_64 | 0.1.0 | 4.00 | 47.00 | 51.00 | OK | |
r-release-windows-x86_64 | 0.1.0 | 10.00 | 72.00 | 82.00 | OK | |
r-oldrel-macos-arm64 | 0.1.0 | 3.00 | 23.00 | 26.00 | OK | |
r-oldrel-macos-x86_64 | 0.1.0 | 4.00 | 44.00 | 48.00 | OK | |
r-oldrel-windows-x86_64 | 0.1.0 | 11.00 | 88.00 | 99.00 | OK |
Version: 0.1.0
Check: HTML version of manual
Result: NOTE
Found the following HTML validation problems:
plot.gstar.html:59:1 (plot.gstar.Rd:16): Warning: missing </ul> before </div>
predict.gstar.html:55:1 (predict.gstar.Rd:14): Warning: missing </ul> before </div>
summary.gstar.html:60:1 (summary.gstar.Rd:16): Warning: missing </ul> before </div>
Flavors: r-devel-linux-x86_64-debian-clang, r-devel-linux-x86_64-debian-gcc
Version: 0.1.0
Check: dependencies in R code
Result: NOTE
Namespace in Imports field not imported from: ‘dplyr’
All declared Imports should be used.
Flavors: r-devel-linux-x86_64-fedora-clang, r-devel-linux-x86_64-fedora-gcc