Last updated on 2025-11-09 19:51:01 CET.
| Flavor | Version | Tinstall | Tcheck | Ttotal | Status | Flags |
|---|---|---|---|---|---|---|
| r-devel-linux-x86_64-debian-clang | 0.3.0 | 2.01 | 28.15 | 30.16 | OK | |
| r-devel-linux-x86_64-debian-gcc | 0.3.0 | 1.54 | 22.35 | 23.89 | OK | |
| r-devel-linux-x86_64-fedora-clang | 0.3.0 | 11.00 | 36.87 | 47.87 | NOTE | |
| r-devel-linux-x86_64-fedora-gcc | 0.3.0 | 55.64 | NOTE | |||
| r-devel-windows-x86_64 | 0.3.0 | 3.00 | 46.00 | 49.00 | OK | |
| r-patched-linux-x86_64 | 0.3.0 | 1.81 | 25.56 | 27.37 | OK | |
| r-release-linux-x86_64 | 0.3.0 | 1.94 | 25.70 | 27.64 | OK | |
| r-release-macos-arm64 | 0.3.0 | 1.00 | 30.00 | 31.00 | OK | |
| r-release-macos-x86_64 | 0.3.0 | 2.00 | 40.00 | 42.00 | OK | |
| r-release-windows-x86_64 | 0.3.0 | 3.00 | 46.00 | 49.00 | OK | |
| r-oldrel-macos-arm64 | 0.3.0 | 1.00 | 28.00 | 29.00 | OK | |
| r-oldrel-macos-x86_64 | 0.3.0 | 3.00 | 65.00 | 68.00 | OK | |
| r-oldrel-windows-x86_64 | 0.3.0 | 4.00 | 52.00 | 56.00 | OK |
Version: 0.3.0
Check: dependencies in R code
Result: NOTE
Namespace in Imports field not imported from: ‘knitr’
All declared Imports should be used.
Flavors: r-devel-linux-x86_64-fedora-clang, r-devel-linux-x86_64-fedora-gcc