Last updated on 2025-11-09 19:51:01 CET.
| Flavor | Version | Tinstall | Tcheck | Ttotal | Status | Flags |
|---|---|---|---|---|---|---|
| r-devel-linux-x86_64-debian-clang | 0.2-2 | 4.35 | 40.50 | 44.85 | OK | |
| r-devel-linux-x86_64-debian-gcc | 0.2-2 | 3.08 | 29.67 | 32.75 | OK | |
| r-devel-linux-x86_64-fedora-clang | 0.2-2 | 18.00 | 52.42 | 70.42 | OK | |
| r-devel-linux-x86_64-fedora-gcc | 0.2-2 | 60.80 | OK | |||
| r-devel-windows-x86_64 | 0.2-2 | 5.00 | 55.00 | 60.00 | OK | |
| r-patched-linux-x86_64 | 0.2-2 | 4.82 | 38.54 | 43.36 | OK | |
| r-release-linux-x86_64 | 0.2-2 | 4.21 | 38.43 | 42.64 | OK | |
| r-release-macos-arm64 | 0.2-2 | 2.00 | 20.00 | 22.00 | OK | |
| r-release-macos-x86_64 | 0.2-2 | 3.00 | 33.00 | 36.00 | OK | |
| r-release-windows-x86_64 | 0.2-2 | 5.00 | 53.00 | 58.00 | OK | |
| r-oldrel-macos-arm64 | 0.2-2 | 2.00 | 19.00 | 21.00 | NOTE | |
| r-oldrel-macos-x86_64 | 0.2-2 | 3.00 | 32.00 | 35.00 | NOTE | |
| r-oldrel-windows-x86_64 | 0.2-2 | 6.00 | 62.00 | 68.00 | NOTE |
Version: 0.2-2
Check: package dependencies
Result: NOTE
Package which this enhances but not available for checking: ‘HadoopStreaming’
Flavors: r-oldrel-macos-arm64, r-oldrel-macos-x86_64, r-oldrel-windows-x86_64