CRAN Package Check Results for Package hypothesisr

Last updated on 2025-10-21 08:50:44 CEST.

Flavor Version Tinstall Tcheck Ttotal Status Flags
r-devel-linux-x86_64-debian-clang 0.1.1 1.71 25.90 27.61 OK
r-devel-linux-x86_64-debian-gcc 0.1.1 1.38 21.90 23.28 NOTE
r-devel-linux-x86_64-fedora-clang 0.1.1 39.70 OK
r-devel-linux-x86_64-fedora-gcc 0.1.1 36.14 OK
r-devel-windows-x86_64 0.1.1 4.00 46.00 50.00 OK
r-patched-linux-x86_64 0.1.1 1.98 23.26 25.24 OK
r-release-linux-x86_64 0.1.1 1.66 23.16 24.82 OK
r-release-macos-arm64 0.1.1 22.00 OK
r-release-macos-x86_64 0.1.1 28.00 OK
r-release-windows-x86_64 0.1.1 4.00 47.00 51.00 OK
r-oldrel-macos-arm64 0.1.1 25.00 NOTE
r-oldrel-macos-x86_64 0.1.1 29.00 NOTE
r-oldrel-windows-x86_64 0.1.1 4.00 54.00 58.00 NOTE

Check Details

Version: 0.1.1
Check: HTML version of manual
Result: NOTE Found the following HTML validation problems: hs_reply.html:62:1 (hs_reply.Rd:18): Warning: missing </ul> before </div> Flavor: r-devel-linux-x86_64-debian-gcc

Version: 0.1.1
Check: LazyData
Result: NOTE 'LazyData' is specified without a 'data' directory Flavors: r-oldrel-macos-arm64, r-oldrel-macos-x86_64, r-oldrel-windows-x86_64