Last updated on 2025-10-20 20:49:30 CEST.
Flavor | Version | Tinstall | Tcheck | Ttotal | Status | Flags |
---|---|---|---|---|---|---|
r-devel-linux-x86_64-debian-clang | 0.0.2 | 2.65 | 27.76 | 30.41 | OK | |
r-devel-linux-x86_64-debian-gcc | 0.0.2 | 1.90 | 22.00 | 23.90 | NOTE | |
r-devel-linux-x86_64-fedora-clang | 0.0.2 | 47.98 | OK | |||
r-devel-linux-x86_64-fedora-gcc | 0.0.2 | 43.36 | OK | |||
r-devel-windows-x86_64 | 0.0.2 | 5.00 | 48.00 | 53.00 | OK | |
r-patched-linux-x86_64 | 0.0.2 | 2.32 | 27.21 | 29.53 | OK | |
r-release-linux-x86_64 | 0.0.2 | 2.31 | 25.95 | 28.26 | OK | |
r-release-macos-arm64 | 0.0.2 | 24.00 | OK | |||
r-release-macos-x86_64 | 0.0.2 | 39.00 | OK | |||
r-release-windows-x86_64 | 0.0.2 | 5.00 | 49.00 | 54.00 | OK | |
r-oldrel-macos-arm64 | 0.0.2 | 19.00 | OK | |||
r-oldrel-macos-x86_64 | 0.0.2 | 28.00 | OK | |||
r-oldrel-windows-x86_64 | 0.0.2 | 5.00 | 55.00 | 60.00 | OK |
Version: 0.0.2
Check: HTML version of manual
Result: NOTE
Found the following HTML validation problems:
call_data_ibb.html:53:1 (call_data_ibb.Rd:15): Warning: missing </ul> before </div>
get_all_data_sources.html:46:1 (get_all_data_sources.Rd:10): Warning: missing </ul> before </div>
get_all_detailed_info.html:46:1 (get_all_detailed_info.Rd:10): Warning: missing </ul> before </div>
get_ibb_wifi_daily_data_usage.html:48:1 (get_ibb_wifi_daily_data_usage.Rd:12): Warning: missing </ul> before </div>
get_ibb_wifi_daily_new_subscribers.html:48:1 (get_ibb_wifi_daily_new_subscribers.Rd:12): Warning: missing </ul> before </div>
get_ibb_wifi_new_subscribers_by_location.html:48:1 (get_ibb_wifi_new_subscribers_by_location.Rd:12): Warning: missing </ul> before </div>
set_query_limit.html:46:1 (set_query_limit.Rd:10): Warning: missing </ul> before </div>
Flavor: r-devel-linux-x86_64-debian-gcc