Last updated on 2025-10-21 19:51:26 CEST.
Flavor | Version | Tinstall | Tcheck | Ttotal | Status | Flags |
---|---|---|---|---|---|---|
r-devel-linux-x86_64-debian-clang | 1.0.9 | 9.83 | 326.51 | 336.34 | NOTE | |
r-devel-linux-x86_64-debian-gcc | 1.0.9 | 5.71 | 223.13 | 228.84 | NOTE | |
r-devel-linux-x86_64-fedora-clang | 1.0.9 | 29.00 | 498.42 | 527.42 | OK | |
r-devel-linux-x86_64-fedora-gcc | 1.0.9 | 21.00 | 467.09 | 488.09 | OK | |
r-devel-windows-x86_64 | 1.0.9 | 10.00 | 285.00 | 295.00 | OK | |
r-patched-linux-x86_64 | 1.0.9 | 9.63 | 312.23 | 321.86 | OK | |
r-release-linux-x86_64 | 1.0.9 | 8.40 | 315.04 | 323.44 | OK | |
r-release-macos-arm64 | 1.0.9 | 3.00 | 123.00 | 126.00 | OK | |
r-release-macos-x86_64 | 1.0.9 | 7.00 | 282.00 | 289.00 | OK | |
r-release-windows-x86_64 | 1.0.9 | 13.00 | 280.00 | 293.00 | OK | |
r-oldrel-macos-arm64 | 1.0.9 | 3.00 | 121.00 | 124.00 | OK | |
r-oldrel-macos-x86_64 | 1.0.9 | 7.00 | 254.00 | 261.00 | OK | |
r-oldrel-windows-x86_64 | 1.0.9 | 14.00 | 387.00 | 401.00 | OK |
Version: 1.0.9
Check: HTML version of manual
Result: NOTE
Found the following HTML validation problems:
pipe.html:42:1 (pipe.Rd:7): Warning: missing </ul> before </div>
print.infer.html:59:1 (print.infer.Rd:20): Warning: missing </ul> before </div>
Flavors: r-devel-linux-x86_64-debian-clang, r-devel-linux-x86_64-debian-gcc