Last updated on 2025-10-21 08:50:45 CEST.
Flavor | Version | Tinstall | Tcheck | Ttotal | Status | Flags |
---|---|---|---|---|---|---|
r-devel-linux-x86_64-debian-clang | 0.1.2 | 6.86 | 67.27 | 74.13 | OK | |
r-devel-linux-x86_64-debian-gcc | 0.1.2 | 4.34 | 47.74 | 52.08 | NOTE | |
r-devel-linux-x86_64-fedora-clang | 0.1.2 | 121.87 | OK | |||
r-devel-linux-x86_64-fedora-gcc | 0.1.2 | 102.75 | OK | |||
r-devel-windows-x86_64 | 0.1.2 | 9.00 | 76.00 | 85.00 | OK | |
r-patched-linux-x86_64 | 0.1.2 | 6.97 | 63.72 | 70.69 | OK | |
r-release-linux-x86_64 | 0.1.2 | 6.55 | 62.91 | 69.46 | OK | |
r-release-macos-arm64 | 0.1.2 | 27.00 | OK | |||
r-release-macos-x86_64 | 0.1.2 | 53.00 | OK | |||
r-release-windows-x86_64 | 0.1.2 | 11.00 | 77.00 | 88.00 | OK | |
r-oldrel-macos-arm64 | 0.1.2 | 29.00 | NOTE | |||
r-oldrel-macos-x86_64 | 0.1.2 | 42.00 | NOTE | |||
r-oldrel-windows-x86_64 | 0.1.2 | 11.00 | 94.00 | 105.00 | NOTE |
Version: 0.1.2
Check: HTML version of manual
Result: NOTE
Found the following HTML validation problems:
fetch_output_indeces.html:46:1 (fetch_output_indeces.Rd:10): Warning: missing </ul> before </div>
plot_sequentially.html:46:1 (plot_sequentially.Rd:10): Warning: missing </ul> before </div>
print_output.html:50:1 (print_output.Rd:12): Warning: missing </ul> before </div>
Flavor: r-devel-linux-x86_64-debian-gcc
Version: 0.1.2
Check: LazyData
Result: NOTE
'LazyData' is specified without a 'data' directory
Flavors: r-oldrel-macos-arm64, r-oldrel-macos-x86_64, r-oldrel-windows-x86_64