Last updated on 2025-07-24 20:49:28 CEST.
Flavor | Version | Tinstall | Tcheck | Ttotal | Status | Flags |
---|---|---|---|---|---|---|
r-devel-linux-x86_64-debian-clang | 0.1.1 | 10.38 | 186.68 | 197.06 | OK | |
r-devel-linux-x86_64-debian-gcc | 0.1.1 | 7.17 | 125.12 | 132.29 | OK | |
r-devel-linux-x86_64-fedora-clang | 0.1.1 | 308.17 | NOTE | |||
r-devel-linux-x86_64-fedora-gcc | 0.1.1 | 293.11 | NOTE | |||
r-devel-windows-x86_64 | 0.1.1 | 12.00 | 171.00 | 183.00 | OK | |
r-patched-linux-x86_64 | 0.1.1 | 10.95 | 169.35 | 180.30 | OK | |
r-release-linux-x86_64 | 0.1.1 | 9.85 | 170.64 | 180.49 | OK | |
r-release-macos-arm64 | 0.1.1 | 89.00 | OK | |||
r-release-macos-x86_64 | 0.1.1 | 172.00 | OK | |||
r-release-windows-x86_64 | 0.1.1 | 11.00 | 172.00 | 183.00 | OK | |
r-oldrel-macos-arm64 | 0.1.1 | 90.00 | OK | |||
r-oldrel-macos-x86_64 | 0.1.1 | 133.00 | OK | |||
r-oldrel-windows-x86_64 | 0.1.1 | 16.00 | 226.00 | 242.00 | OK |
Version: 0.1.1
Check: dependencies in R code
Result: NOTE
Namespace in Imports field not imported from: ‘moonBook’
All declared Imports should be used.
Flavors: r-devel-linux-x86_64-fedora-clang, r-devel-linux-x86_64-fedora-gcc