Last updated on 2025-04-22 20:48:47 CEST.
Flavor | Version | Tinstall | Tcheck | Ttotal | Status | Flags |
---|---|---|---|---|---|---|
r-devel-linux-x86_64-debian-clang | 4.2.0 | 12.67 | 119.06 | 131.73 | OK | |
r-devel-linux-x86_64-debian-gcc | 4.2.0 | 8.28 | 85.43 | 93.71 | OK | |
r-devel-linux-x86_64-fedora-clang | 4.2.0 | 205.01 | OK | |||
r-devel-linux-x86_64-fedora-gcc | 4.2.0 | 213.35 | OK | |||
r-devel-windows-x86_64 | 4.2.0 | 15.00 | 160.00 | 175.00 | OK | |
r-patched-linux-x86_64 | 4.2.0 | 14.12 | 112.21 | 126.33 | OK | |
r-release-linux-x86_64 | 4.2.0 | 11.64 | 113.61 | 125.25 | OK | |
r-release-macos-arm64 | 4.2.0 | 70.00 | OK | |||
r-release-macos-x86_64 | 4.2.0 | 147.00 | OK | |||
r-release-windows-x86_64 | 4.2.0 | 18.00 | 156.00 | 174.00 | OK | |
r-oldrel-macos-arm64 | 4.2.0 | 81.00 | NOTE | |||
r-oldrel-macos-x86_64 | 4.2.0 | 154.00 | NOTE | |||
r-oldrel-windows-x86_64 | 4.2.0 | 20.00 | 193.00 | 213.00 | OK |
Version: 4.2.0
Check: package dependencies
Result: NOTE
Package suggested but not available for checking: ‘Rmpi’
Flavors: r-oldrel-macos-arm64, r-oldrel-macos-x86_64