CRAN Package Check Results for Package kcmeans

Last updated on 2025-07-22 08:48:35 CEST.

Flavor Version Tinstall Tcheck Ttotal Status Flags
r-devel-linux-x86_64-debian-clang 0.1.0 1.66 29.06 30.72 NOTE
r-devel-linux-x86_64-debian-gcc 0.1.0 1.41 23.75 25.16 NOTE
r-devel-linux-x86_64-fedora-clang 0.1.0 44.42 OK
r-devel-linux-x86_64-fedora-gcc 0.1.0 62.41 OK
r-devel-windows-x86_64 0.1.0 3.00 47.00 50.00 OK
r-patched-linux-x86_64 0.1.0 1.63 26.44 28.07 OK
r-release-linux-x86_64 0.1.0 1.54 26.21 27.75 OK
r-release-macos-arm64 0.1.0 29.00 OK
r-release-macos-x86_64 0.1.0 46.00 OK
r-release-windows-x86_64 0.1.0 3.00 48.00 51.00 OK
r-oldrel-macos-arm64 0.1.0 25.00 OK
r-oldrel-macos-x86_64 0.1.0 35.00 OK
r-oldrel-windows-x86_64 0.1.0 4.00 61.00 65.00 OK

Check Details

Version: 0.1.0
Check: CRAN incoming feasibility
Result: NOTE Maintainer: ‘Thomas Wiemann <wiemann@uchicago.edu>’ The Description field contains (2023) <arXiv:2311.17021> for expectation function estimation Please refer to arXiv e-prints via their arXiv DOI <doi:10.48550/arXiv.YYMM.NNNNN>. Flavors: r-devel-linux-x86_64-debian-clang, r-devel-linux-x86_64-debian-gcc