CRAN Package Check Results for Package kedd

Last updated on 2025-07-22 19:51:51 CEST.

Flavor Version Tinstall Tcheck Ttotal Status Flags
r-devel-linux-x86_64-debian-clang 1.0.4 12.36 91.22 103.58 NOTE
r-devel-linux-x86_64-debian-gcc 1.0.4 7.02 65.66 72.68 NOTE
r-devel-linux-x86_64-fedora-clang 1.0.4 170.98 OK
r-devel-linux-x86_64-fedora-gcc 1.0.4 196.60 OK
r-devel-windows-x86_64 1.0.4 12.00 184.00 196.00 OK
r-patched-linux-x86_64 1.0.4 11.52 86.55 98.07 OK
r-release-linux-x86_64 1.0.4 11.81 86.36 98.17 OK
r-release-macos-arm64 1.0.4 58.00 OK
r-release-macos-x86_64 1.0.4 187.00 OK
r-release-windows-x86_64 1.0.4 11.00 188.00 199.00 OK
r-oldrel-macos-arm64 1.0.4 58.00 OK
r-oldrel-macos-x86_64 1.0.4 101.00 OK
r-oldrel-windows-x86_64 1.0.4 11.00 209.00 220.00 OK

Check Details

Version: 1.0.4
Check: CRAN incoming feasibility
Result: NOTE Maintainer: ‘Iago Giné-Vázquez <iago.gin-vaz@protonmail.com>’ The Description field contains in Arsalane Chouaib Guidoum (2020) <arXiv:2012.06102> [stat.CO]). Please refer to arXiv e-prints via their arXiv DOI <doi:10.48550/arXiv.YYMM.NNNNN>. Flavors: r-devel-linux-x86_64-debian-clang, r-devel-linux-x86_64-debian-gcc