CRAN Package Check Results for Package linbin

Last updated on 2025-07-21 08:50:07 CEST.

Flavor Version Tinstall Tcheck Ttotal Status Flags
r-devel-linux-x86_64-debian-clang 0.1.3 3.14 40.86 44.00 NOTE
r-devel-linux-x86_64-debian-gcc 0.1.3 2.09 32.22 34.31 NOTE
r-devel-linux-x86_64-fedora-clang 0.1.3 67.11 OK
r-devel-linux-x86_64-fedora-gcc 0.1.3 79.81 OK
r-devel-windows-x86_64 0.1.3 4.00 65.00 69.00 OK
r-patched-linux-x86_64 0.1.3 3.37 39.21 42.58 OK
r-release-linux-x86_64 0.1.3 2.72 38.91 41.63 OK
r-release-macos-arm64 0.1.3 30.00 OK
r-release-macos-x86_64 0.1.3 58.00 OK
r-release-windows-x86_64 0.1.3 5.00 67.00 72.00 OK
r-oldrel-macos-arm64 0.1.3 28.00 OK
r-oldrel-macos-x86_64 0.1.3 45.00 OK
r-oldrel-windows-x86_64 0.1.3 5.00 72.00 77.00 OK

Check Details

Version: 0.1.3
Check: CRAN incoming feasibility
Result: NOTE Maintainer: ‘Ethan Z. Welty <ethan.welty+linbin@gmail.com>’ Package CITATION file contains call(s) to old-style personList() or as.personList(). Please use c() on person objects instead. Package CITATION file contains call(s) to old-style citEntry(). Please use bibentry() instead. Flavors: r-devel-linux-x86_64-debian-clang, r-devel-linux-x86_64-debian-gcc