Last updated on 2025-07-22 08:48:36 CEST.
Flavor | Version | Tinstall | Tcheck | Ttotal | Status | Flags |
---|---|---|---|---|---|---|
r-devel-linux-x86_64-debian-clang | 6.13.2 | 9.50 | 128.14 | 137.64 | OK | |
r-devel-linux-x86_64-debian-gcc | 6.13.2 | 5.96 | 85.80 | 91.76 | OK | |
r-devel-linux-x86_64-fedora-clang | 6.13.2 | 208.94 | OK | |||
r-devel-linux-x86_64-fedora-gcc | 6.13.2 | 217.50 | OK | |||
r-devel-windows-x86_64 | 6.13.2 | 11.00 | 138.00 | 149.00 | OK | |
r-patched-linux-x86_64 | 6.13.2 | 9.64 | 114.90 | 124.54 | OK | |
r-release-linux-x86_64 | 6.13.2 | 8.12 | 115.01 | 123.13 | OK | |
r-release-macos-arm64 | 6.13.2 | 64.00 | OK | |||
r-release-macos-x86_64 | 6.13.2 | 127.00 | OK | |||
r-release-windows-x86_64 | 6.13.2 | 11.00 | 154.00 | 165.00 | OK | |
r-oldrel-macos-arm64 | 6.13.2 | 58.00 | NOTE | |||
r-oldrel-macos-x86_64 | 6.13.2 | 95.00 | NOTE | |||
r-oldrel-windows-x86_64 | 6.13.2 | 12.00 | 171.00 | 183.00 | NOTE |
Version: 6.13.2
Check: package dependencies
Result: NOTE
Packages suggested but not available for checking: 'lpjmlkit', 'quitte'
Flavors: r-oldrel-macos-arm64, r-oldrel-macos-x86_64
Version: 6.13.2
Check: package dependencies
Result: NOTE
Package suggested but not available for checking: 'quitte'
Flavor: r-oldrel-windows-x86_64