Last updated on 2025-07-22 08:48:36 CEST.
Flavor | Version | Tinstall | Tcheck | Ttotal | Status | Flags |
---|---|---|---|---|---|---|
r-devel-linux-x86_64-debian-clang | 1.3.3 | 42.83 | 38.03 | 80.86 | NOTE | |
r-devel-linux-x86_64-debian-gcc | 1.3.3 | 27.88 | 30.68 | 58.56 | NOTE | |
r-devel-linux-x86_64-fedora-clang | 1.3.3 | 152.31 | NOTE | |||
r-devel-linux-x86_64-fedora-gcc | 1.3.3 | 139.92 | NOTE | |||
r-devel-windows-x86_64 | 1.3.3 | 49.00 | 78.00 | 127.00 | NOTE | |
r-patched-linux-x86_64 | 1.3.3 | 41.71 | 34.89 | 76.60 | NOTE | |
r-release-linux-x86_64 | 1.3.3 | 37.99 | 35.61 | 73.60 | NOTE | |
r-release-macos-arm64 | 1.3.3 | 60.00 | NOTE | |||
r-release-macos-x86_64 | 1.3.3 | 71.00 | NOTE | |||
r-release-windows-x86_64 | 1.3.3 | 50.00 | 81.00 | 131.00 | NOTE | |
r-oldrel-macos-arm64 | 1.3.3 | 43.00 | NOTE | |||
r-oldrel-macos-x86_64 | 1.3.3 | 57.00 | NOTE | |||
r-oldrel-windows-x86_64 | 1.3.3 | 61.00 | 95.00 | 156.00 | NOTE |
Version: 1.3.3
Check: CRAN incoming feasibility
Result: NOTE
Maintainer: ‘Jan Tilly <jantilly@gmail.com>’
No Authors@R field in DESCRIPTION.
Please add one, modifying
Authors@R: c(person(given = "Jan",
family = "Tilly",
role = c("aut", "cre"),
email = "jantilly@gmail.com"),
person(given = "Nick",
family = "Janetos",
role = "aut"))
as necessary.
Flavors: r-devel-linux-x86_64-debian-clang, r-devel-linux-x86_64-debian-gcc
Version: 1.3.3
Check: C++ specification
Result: NOTE
Specified C++11: please drop specification unless essential
Flavors: r-devel-linux-x86_64-debian-clang, r-devel-linux-x86_64-debian-gcc, r-devel-linux-x86_64-fedora-clang, r-devel-linux-x86_64-fedora-gcc, r-devel-windows-x86_64, r-patched-linux-x86_64, r-release-linux-x86_64, r-release-macos-arm64, r-release-macos-x86_64, r-release-windows-x86_64, r-oldrel-macos-arm64, r-oldrel-macos-x86_64, r-oldrel-windows-x86_64