Last updated on 2025-10-20 20:49:32 CEST.
Flavor | Version | Tinstall | Tcheck | Ttotal | Status | Flags |
---|---|---|---|---|---|---|
r-devel-linux-x86_64-debian-clang | 0.6.1 | 22.47 | 119.00 | 141.47 | OK | |
r-devel-linux-x86_64-debian-gcc | 0.6.1 | 17.23 | 84.87 | 102.10 | NOTE | |
r-devel-linux-x86_64-fedora-clang | 0.6.1 | 227.93 | OK | |||
r-devel-linux-x86_64-fedora-gcc | 0.6.1 | 210.50 | OK | |||
r-devel-windows-x86_64 | 0.6.1 | 22.00 | 116.00 | 138.00 | OK | |
r-patched-linux-x86_64 | 0.6.1 | 20.37 | 111.45 | 131.82 | OK | |
r-release-linux-x86_64 | 0.6.1 | 21.65 | 111.32 | 132.97 | OK | |
r-release-macos-arm64 | 0.6.1 | 58.00 | OK | |||
r-release-macos-x86_64 | 0.6.1 | 69.00 | OK | |||
r-release-windows-x86_64 | 0.6.1 | 23.00 | 117.00 | 140.00 | OK | |
r-oldrel-macos-arm64 | 0.6.1 | 51.00 | OK | |||
r-oldrel-macos-x86_64 | 0.6.1 | 75.00 | OK | |||
r-oldrel-windows-x86_64 | 0.6.1 | 32.00 | 151.00 | 183.00 | OK |
Version: 0.6.1
Check: HTML version of manual
Result: NOTE
Found the following HTML validation problems:
cohesionclass.html:118:1 (cohesionclass.Rd:85): Warning: <h5> anchor "Usage" already defined
cohesionclass.html:128:1 (cohesionclass.Rd:93): Warning: <h5> anchor "Arguments" already defined
cohesionclass.html:159:1 (cohesionclass.Rd:111): Warning: <h5> anchor "Returns" already defined
cohesionclass.html:166:1 (cohesionclass.Rd:114): Warning: <h5> anchor "Examples" already defined
cohesionclass.html:187:1 (cohesionclass.Rd:130): Warning: <h5> anchor "Usage" already defined
cohesionclass.html:193:1 (cohesionclass.Rd:134): Warning: <h5> anchor "Arguments" already defined
cohesionclass.html:208:1 (cohesionclass.Rd:143): Warning: <h5> anchor "Returns" already defined
cohesionclass.html:215:1 (cohesionclass.Rd:146): Warning: <h5> anchor "Examples" already defined
cohesionclass.html:236:1 (cohesionclass.Rd:162): Warning: <h5> anchor "Usage" already defined
cohesionclass.html:242:1 (cohesionclass.Rd:166): Warning: <h5> anchor "Arguments" already defined
edge_node_distance.html:133:1 (edge_node_distance.Rd:117): Warning: <h5> anchor "Usage" already defined
edge_node_distance.html:142:1 (edge_node_distance.Rd:124): Warning: <h5> anchor "Arguments" already defined
edge_node_distance.html:171:1 (edge_node_distance.Rd:140): Warning: <h5> anchor "Returns" already defined
edge_node_distance.html:178:1 (edge_node_distance.Rd:143): Warning: <h5> anchor "Examples" already defined
edge_node_distance.html:199:1 (edge_node_distance.Rd:159): Warning: <h5> anchor "Usage" already defined
edge_node_distance.html:205:1 (edge_node_distance.Rd:163): Warning: <h5> anchor "Arguments" already defined
edge_node_distance.html:218:1 (edge_node_distance.Rd:170): Warning: <h5> anchor "Returns" already defined
edge_node_distance.html:225:1 (edge_node_distance.Rd:173): Warning: <h5> anchor "Examples" already defined
edge_node_distance.html:246:1 (edge_node_distance.Rd:189): Warning: <h5> anchor "Usage" already defined
edge_node_distance.html:252:1 (edge_node_distance.Rd:193): Warning: <h5> anchor "Arguments" already defined
robustness.html:174:1 (robustness.Rd:118): Warning: <h5> anchor "Usage" already defined
robustness.html:191:1 (robustness.Rd:133): Warning: <h5> anchor "Arguments" already defined
robustness.html:223:1 (robustness.Rd:159): Warning: <h5> anchor "Returns" already defined
robustness.html:230:1 (robustness.Rd:162): Warning: <h5> anchor "Examples" already defined
robustness.html:251:1 (robustness.Rd:178): Warning: <h5> anchor "Usage" already defined
robustness.html:257:1 (robustness.Rd:182): Warning: <h5> anchor "Arguments" already defined
Flavor: r-devel-linux-x86_64-debian-gcc