CRAN Package Check Results for Package metavcov

Last updated on 2025-09-30 20:50:43 CEST.

Flavor Version Tinstall Tcheck Ttotal Status Flags
r-devel-linux-x86_64-debian-clang 2.1.5 7.03 92.53 99.56 NOTE
r-devel-linux-x86_64-debian-gcc 2.1.5 5.19 61.02 66.21 NOTE
r-devel-linux-x86_64-fedora-clang 2.1.5 156.87 OK
r-devel-linux-x86_64-fedora-gcc 2.1.5 156.00 OK
r-devel-windows-x86_64 2.1.5 9.00 98.00 107.00 OK
r-patched-linux-x86_64 2.1.5 7.81 87.28 95.09 OK
r-release-linux-x86_64 2.1.5 7.93 85.74 93.67 OK
r-release-macos-arm64 2.1.5 34.00 OK
r-release-macos-x86_64 2.1.5 81.00 OK
r-release-windows-x86_64 2.1.5 9.00 99.00 108.00 OK
r-oldrel-macos-arm64 2.1.5 31.00 OK
r-oldrel-macos-x86_64 2.1.5 69.00 OK
r-oldrel-windows-x86_64 2.1.5 12.00 125.00 137.00 OK

Check Details

Version: 2.1.5
Check: CRAN incoming feasibility
Result: NOTE Maintainer: ‘Min Lu <m.lu6@umiami.edu>’ No Authors@R field in DESCRIPTION. Please add one, modifying Authors@R: person(given = "Min", family = "Lu", role = c("aut", "cre"), email = "m.lu6@umiami.edu") as necessary. The BugReports field in DESCRIPTION has https://github.com/luminwin/metavcov/issues/new which should likely be https://github.com/luminwin/metavcov/issues/new/issues instead. Flavors: r-devel-linux-x86_64-debian-clang, r-devel-linux-x86_64-debian-gcc