Last updated on 2025-07-22 08:48:37 CEST.
Flavor | Version | Tinstall | Tcheck | Ttotal | Status | Flags |
---|---|---|---|---|---|---|
r-devel-linux-x86_64-debian-clang | 1.1.1 | 1.66 | 18.27 | 19.93 | OK | |
r-devel-linux-x86_64-debian-gcc | 1.1.1 | 1.25 | 15.03 | 16.28 | OK | |
r-devel-linux-x86_64-fedora-clang | 1.1.1 | 30.56 | OK | |||
r-devel-linux-x86_64-fedora-gcc | 1.1.1 | 29.46 | OK | |||
r-devel-windows-x86_64 | 1.1.1 | 2.00 | 38.00 | 40.00 | OK | |
r-patched-linux-x86_64 | 1.1.1 | 1.63 | 16.65 | 18.28 | OK | |
r-release-linux-x86_64 | 1.1.1 | 1.32 | 16.84 | 18.16 | OK | |
r-release-macos-arm64 | 1.1.1 | 15.00 | OK | |||
r-release-macos-x86_64 | 1.1.1 | 22.00 | OK | |||
r-release-windows-x86_64 | 1.1.1 | 3.00 | 40.00 | 43.00 | OK | |
r-oldrel-macos-arm64 | 1.1.1 | 14.00 | NOTE | |||
r-oldrel-macos-x86_64 | 1.1.1 | 27.00 | NOTE | |||
r-oldrel-windows-x86_64 | 1.1.1 | 3.00 | 43.00 | 46.00 | NOTE |
Version: 1.1.1
Check: package dependencies
Result: NOTE
Package suggested but not available for checking: ‘mixRasch’
Flavors: r-oldrel-macos-arm64, r-oldrel-macos-x86_64, r-oldrel-windows-x86_64