Last updated on 2025-10-21 19:51:29 CEST.
Flavor | Version | Tinstall | Tcheck | Ttotal | Status | Flags |
---|---|---|---|---|---|---|
r-devel-linux-x86_64-debian-clang | 4.2.0 | 15.05 | 93.45 | 108.50 | NOTE | |
r-devel-linux-x86_64-debian-gcc | 4.2.0 | 10.08 | 61.71 | 71.79 | NOTE | |
r-devel-linux-x86_64-fedora-clang | 4.2.0 | 56.00 | 125.12 | 181.12 | NOTE | |
r-devel-linux-x86_64-fedora-gcc | 4.2.0 | 36.00 | 124.46 | 160.46 | NOTE | |
r-devel-windows-x86_64 | 4.2.0 | 16.00 | 94.00 | 110.00 | NOTE | |
r-patched-linux-x86_64 | 4.2.0 | 14.43 | 86.84 | 101.27 | NOTE | |
r-release-linux-x86_64 | 4.2.0 | 13.66 | 87.56 | 101.22 | NOTE | |
r-release-macos-arm64 | 4.2.0 | 7.00 | 33.00 | 40.00 | NOTE | |
r-release-macos-x86_64 | 4.2.0 | 14.00 | 64.00 | 78.00 | NOTE | |
r-release-windows-x86_64 | 4.2.0 | 17.00 | 96.00 | 113.00 | NOTE | |
r-oldrel-macos-arm64 | 4.2.0 | 6.00 | 32.00 | 38.00 | NOTE | |
r-oldrel-macos-x86_64 | 4.2.0 | 11.00 | 54.00 | 65.00 | NOTE | |
r-oldrel-windows-x86_64 | 4.2.0 | 23.00 | 123.00 | 146.00 | NOTE |
Version: 4.2.0
Check: Rd files
Result: NOTE
checkRd: (-1) simpopmlx.Rd:21: Lost braces; missing escapes or markup?
21 | \item{fim}{the Fisher Information Matrix estimated by Monolix. fim={"sa", "lin"} (default="sa")}
| ^
Flavors: r-devel-linux-x86_64-debian-clang, r-devel-linux-x86_64-debian-gcc, r-devel-linux-x86_64-fedora-clang, r-devel-linux-x86_64-fedora-gcc, r-devel-windows-x86_64, r-patched-linux-x86_64, r-release-linux-x86_64, r-release-macos-arm64, r-release-macos-x86_64, r-release-windows-x86_64, r-oldrel-macos-arm64, r-oldrel-macos-x86_64, r-oldrel-windows-x86_64
Version: 4.2.0
Check: HTML version of manual
Result: NOTE
Found the following HTML validation problems:
inlineDataFrame.html:58:1 (inlineDataFrame.Rd:16): Warning: missing </ul> before </div>
lixoft.read.table.html:54:1 (lixoft.read.table.Rd:14): Warning: missing </ul> before </div>
Flavors: r-devel-linux-x86_64-debian-clang, r-devel-linux-x86_64-debian-gcc