CRAN Package Check Results for Package mmibain

Last updated on 2025-07-17 08:50:06 CEST.

Flavor Version Tinstall Tcheck Ttotal Status Flags
r-devel-linux-x86_64-debian-clang 0.2.0 2.96 36.25 39.21 NOTE
r-devel-linux-x86_64-debian-gcc 0.2.0 2.24 27.85 30.09 NOTE
r-devel-linux-x86_64-fedora-clang 0.2.0 57.96 NOTE
r-devel-linux-x86_64-fedora-gcc 0.2.0 54.62 NOTE
r-devel-windows-x86_64 0.2.0 5.00 56.00 61.00 NOTE
r-patched-linux-x86_64 0.2.0 3.05 31.04 34.09 NOTE
r-release-linux-x86_64 0.2.0 2.82 31.08 33.90 NOTE
r-release-macos-arm64 0.2.0 26.00 NOTE
r-release-macos-x86_64 0.2.0 43.00 NOTE
r-release-windows-x86_64 0.2.0 6.00 59.00 65.00 NOTE
r-oldrel-macos-arm64 0.2.0 21.00 OK
r-oldrel-macos-x86_64 0.2.0 29.00 OK
r-oldrel-windows-x86_64 0.2.0 7.00 68.00 75.00 OK

Check Details

Version: 0.2.0
Check: DESCRIPTION meta-information
Result: NOTE Missing dependency on R >= 4.1.0 because package code uses the pipe |> or function shorthand \(...) syntax added in R 4.1.0. File(s) using such syntax: ‘BF_for_everyone.R’ ‘rc_game_mgmt.R’ Flavors: r-devel-linux-x86_64-debian-clang, r-devel-linux-x86_64-debian-gcc, r-devel-linux-x86_64-fedora-clang, r-devel-linux-x86_64-fedora-gcc, r-devel-windows-x86_64, r-patched-linux-x86_64, r-release-linux-x86_64, r-release-macos-arm64, r-release-macos-x86_64, r-release-windows-x86_64