CRAN Package Check Results for Package mockery

Last updated on 2025-07-26 08:49:27 CEST.

Flavor Version Tinstall Tcheck Ttotal Status Flags
r-devel-linux-x86_64-debian-clang 0.4.4 2.84 35.51 38.35 NOTE
r-devel-linux-x86_64-debian-gcc 0.4.4 1.90 28.18 30.08 NOTE
r-devel-linux-x86_64-fedora-clang 0.4.4 58.12 OK
r-devel-linux-x86_64-fedora-gcc 0.4.4 102.24 OK
r-devel-windows-x86_64 0.4.4 4.00 59.00 63.00 NOTE
r-patched-linux-x86_64 0.4.4 2.67 32.41 35.08 NOTE
r-release-linux-x86_64 0.4.4 2.68 32.23 34.91 NOTE
r-release-macos-arm64 0.4.4 70.00 OK
r-release-macos-x86_64 0.4.4 106.00 OK
r-release-windows-x86_64 0.4.4 6.00 53.00 59.00 NOTE
r-oldrel-macos-arm64 0.4.4 32.00 OK
r-oldrel-macos-x86_64 0.4.4 53.00 OK
r-oldrel-windows-x86_64 0.4.4 5.00 67.00 72.00 OK

Check Details

Version: 0.4.4
Check: Rd cross-references
Result: NOTE Found the following Rd file(s) with Rd \link{} targets missing package anchors: mock.Rd: with_mock Please provide package anchors for all Rd \link{} targets not in the package itself and the base packages. Flavors: r-devel-linux-x86_64-debian-clang, r-devel-linux-x86_64-debian-gcc, r-devel-windows-x86_64, r-patched-linux-x86_64, r-release-linux-x86_64, r-release-windows-x86_64