Last updated on 2025-10-21 08:50:49 CEST.
Flavor | Version | Tinstall | Tcheck | Ttotal | Status | Flags |
---|---|---|---|---|---|---|
r-devel-linux-x86_64-debian-clang | 0.1.0 | 2.99 | 44.71 | 47.70 | OK | |
r-devel-linux-x86_64-debian-gcc | 0.1.0 | 2.43 | 34.81 | 37.24 | NOTE | |
r-devel-linux-x86_64-fedora-clang | 0.1.0 | 72.14 | NOTE | |||
r-devel-linux-x86_64-fedora-gcc | 0.1.0 | 67.64 | NOTE | |||
r-devel-windows-x86_64 | 0.1.0 | 5.00 | 67.00 | 72.00 | OK | |
r-patched-linux-x86_64 | 0.1.0 | 2.70 | 41.38 | 44.08 | OK | |
r-release-linux-x86_64 | 0.1.0 | 2.90 | 41.24 | 44.14 | OK | |
r-release-macos-arm64 | 0.1.0 | 28.00 | OK | |||
r-release-macos-x86_64 | 0.1.0 | 44.00 | OK | |||
r-release-windows-x86_64 | 0.1.0 | 5.00 | 68.00 | 73.00 | OK | |
r-oldrel-macos-arm64 | 0.1.0 | 28.00 | NOTE | |||
r-oldrel-macos-x86_64 | 0.1.0 | 37.00 | NOTE | |||
r-oldrel-windows-x86_64 | 0.1.0 | 6.00 | 76.00 | 82.00 | NOTE |
Version: 0.1.0
Check: HTML version of manual
Result: NOTE
Found the following HTML validation problems:
Ark.html:252:1 (Ark.Rd:138): Warning: missing </ul> before </div>
Ark.html:127:1 (Ark.Rd:65): Warning: <h5> anchor "Usage" already defined
Ark.html:133:1 (Ark.Rd:69): Warning: <h5> anchor "Arguments" already defined
Ark.html:151:1 (Ark.Rd:81): Warning: <h5> anchor "Returns" already defined
Ark.html:168:1 (Ark.Rd:90): Warning: <h5> anchor "Usage" already defined
Ark.html:174:1 (Ark.Rd:94): Warning: <h5> anchor "Arguments" already defined
Ark.html:197:1 (Ark.Rd:107): Warning: <h5> anchor "Usage" already defined
Ark.html:213:1 (Ark.Rd:117): Warning: <h5> anchor "Usage" already defined
Ark.html:229:1 (Ark.Rd:127): Warning: <h5> anchor "Usage" already defined
Ark.html:235:1 (Ark.Rd:131): Warning: <h5> anchor "Arguments" already defined
Flavor: r-devel-linux-x86_64-debian-gcc
Version: 0.1.0
Check: dependencies in R code
Result: NOTE
Namespaces in Imports field not imported from:
‘R6’ ‘crayon’ ‘digest’ ‘hash’
All declared Imports should be used.
Flavors: r-devel-linux-x86_64-fedora-clang, r-devel-linux-x86_64-fedora-gcc
Version: 0.1.0
Check: LazyData
Result: NOTE
'LazyData' is specified without a 'data' directory
Flavors: r-oldrel-macos-arm64, r-oldrel-macos-x86_64, r-oldrel-windows-x86_64