Last updated on 2025-09-30 20:50:45 CEST.
Flavor | Version | Tinstall | Tcheck | Ttotal | Status | Flags |
---|---|---|---|---|---|---|
r-devel-linux-x86_64-debian-clang | 0.1.5 | 6.82 | 75.92 | 82.74 | NOTE | |
r-devel-linux-x86_64-debian-gcc | 0.1.5 | 5.07 | 55.85 | 60.92 | NOTE | |
r-devel-linux-x86_64-fedora-clang | 0.1.5 | 124.35 | OK | |||
r-devel-linux-x86_64-fedora-gcc | 0.1.5 | 130.99 | OK | |||
r-devel-windows-x86_64 | 0.1.5 | 8.00 | 106.00 | 114.00 | OK | |
r-patched-linux-x86_64 | 0.1.5 | 7.14 | 71.49 | 78.63 | OK | |
r-release-linux-x86_64 | 0.1.5 | 6.27 | 71.58 | 77.85 | OK | |
r-release-macos-arm64 | 0.1.5 | 40.00 | OK | |||
r-release-macos-x86_64 | 0.1.5 | 72.00 | OK | |||
r-release-windows-x86_64 | 0.1.5 | 9.00 | 103.00 | 112.00 | OK | |
r-oldrel-macos-arm64 | 0.1.5 | 39.00 | OK | |||
r-oldrel-macos-x86_64 | 0.1.5 | 60.00 | OK | |||
r-oldrel-windows-x86_64 | 0.1.5 | 13.00 | 116.00 | 129.00 | OK |
Version: 0.1.5
Check: CRAN incoming feasibility
Result: NOTE
Maintainer: ‘Marek Hlavac <mhlavac@alumni.princeton.edu>’
No Authors@R field in DESCRIPTION.
Please add one, modifying
Authors@R: person(given = "Marek",
family = "Hlavac",
role = c("aut", "cre"),
email = "mhlavac@alumni.princeton.edu")
as necessary.
Package CITATION file contains call(s) to old-style citEntry(). Please
use bibentry() instead.
Flavors: r-devel-linux-x86_64-debian-clang, r-devel-linux-x86_64-debian-gcc