CRAN Package Check Results for Package pcIRT

Last updated on 2025-11-09 07:50:00 CET.

Flavor Version Tinstall Tcheck Ttotal Status Flags
r-devel-linux-x86_64-debian-clang 0.2.4 13.30 42.70 56.00 NOTE
r-devel-linux-x86_64-debian-gcc 0.2.4 7.84 30.62 38.46 NOTE
r-devel-linux-x86_64-fedora-clang 0.2.4 23.00 64.86 87.86 OK
r-devel-linux-x86_64-fedora-gcc 0.2.4 24.00 52.74 76.74 OK
r-devel-windows-x86_64 0.2.4 15.00 71.00 86.00 OK
r-patched-linux-x86_64 0.2.4 12.70 39.89 52.59 OK
r-release-linux-x86_64 0.2.4 11.63 39.75 51.38 OK
r-release-macos-arm64 0.2.4 6.00 20.00 26.00 OK
r-release-macos-x86_64 0.2.4 9.00 37.00 46.00 OK
r-release-windows-x86_64 0.2.4 14.00 73.00 87.00 OK
r-oldrel-macos-arm64 0.2.4 6.00 19.00 25.00 OK
r-oldrel-macos-x86_64 0.2.4 8.00 27.00 35.00 OK
r-oldrel-windows-x86_64 0.2.4 17.00 86.00 103.00 OK

Check Details

Version: 0.2.4
Check: CRAN incoming feasibility
Result: NOTE Maintainer: ‘Christine Hohensinn <research@christinehohensinn.at>’ No Authors@R field in DESCRIPTION. Please add one, modifying Authors@R: person(given = "Christine", family = "Hohensinn", role = c("cre", "aut"), email = "research@christinehohensinn.at") as necessary. Flavors: r-devel-linux-x86_64-debian-clang, r-devel-linux-x86_64-debian-gcc