Last updated on 2025-07-22 08:48:39 CEST.
Flavor | Version | Tinstall | Tcheck | Ttotal | Status | Flags |
---|---|---|---|---|---|---|
r-devel-linux-x86_64-debian-clang | 0.1.1 | 9.16 | 102.98 | 112.14 | NOTE | |
r-devel-linux-x86_64-debian-gcc | 0.1.1 | 6.49 | 71.41 | 77.90 | NOTE | |
r-devel-linux-x86_64-fedora-clang | 0.1.1 | 183.05 | OK | |||
r-devel-linux-x86_64-fedora-gcc | 0.1.1 | 169.28 | OK | |||
r-devel-windows-x86_64 | 0.1.1 | 12.00 | 113.00 | 125.00 | OK | |
r-patched-linux-x86_64 | 0.1.1 | 8.75 | 95.62 | 104.37 | OK | |
r-release-linux-x86_64 | 0.1.1 | 9.12 | 94.04 | 103.16 | OK | |
r-release-macos-arm64 | 0.1.1 | 58.00 | OK | |||
r-release-macos-x86_64 | 0.1.1 | 109.00 | OK | |||
r-release-windows-x86_64 | 0.1.1 | 11.00 | 114.00 | 125.00 | OK | |
r-oldrel-macos-arm64 | 0.1.1 | 51.00 | OK | |||
r-oldrel-macos-x86_64 | 0.1.1 | 87.00 | OK | |||
r-oldrel-windows-x86_64 | 0.1.1 | 13.00 | 142.00 | 155.00 | OK |
Version: 0.1.1
Check: CRAN incoming feasibility
Result: NOTE
Maintainer: ‘Elena Geminiani <geminianielena@gmail.com>’
Package CITATION file contains call(s) to old-style citEntry(). Please
use bibentry() instead.
Flavors: r-devel-linux-x86_64-debian-clang, r-devel-linux-x86_64-debian-gcc