Last updated on 2025-10-21 08:50:52 CEST.
Flavor | Version | Tinstall | Tcheck | Ttotal | Status | Flags |
---|---|---|---|---|---|---|
r-devel-linux-x86_64-debian-clang | 0.7.7 | 4.86 | 39.31 | 44.17 | OK | |
r-devel-linux-x86_64-debian-gcc | 0.7.7 | 3.10 | 28.34 | 31.44 | NOTE | |
r-devel-linux-x86_64-fedora-clang | 0.7.7 | 68.76 | OK | |||
r-devel-linux-x86_64-fedora-gcc | 0.7.7 | 62.77 | OK | |||
r-devel-windows-x86_64 | 0.7.7 | 8.00 | 56.00 | 64.00 | OK | |
r-patched-linux-x86_64 | 0.7.7 | 4.68 | 36.55 | 41.23 | OK | |
r-release-linux-x86_64 | 0.7.7 | 4.62 | 36.80 | 41.42 | OK | |
r-release-macos-arm64 | 0.7.7 | 144.00 | OK | |||
r-release-macos-x86_64 | 0.7.7 | 39.00 | OK | |||
r-release-windows-x86_64 | 0.7.7 | 7.00 | 66.00 | 73.00 | OK | |
r-oldrel-macos-arm64 | 0.7.7 | 28.00 | OK | |||
r-oldrel-macos-x86_64 | 0.7.7 | 44.00 | OK | |||
r-oldrel-windows-x86_64 | 0.7.7 | 7.00 | 64.00 | 71.00 | OK |
Version: 0.7.7
Check: HTML version of manual
Result: NOTE
Found the following HTML validation problems:
bin_chopper.html:54:1 (bin_chopper.Rd:14): Warning: missing </ul> before </div>
bindividual_alpha.html:50:1 (bindividual_alpha.Rd:12): Warning: missing </ul> before </div>
contiguize_intervals.html:68:1 (contiguize_intervals.Rd:24): Warning: missing </ul> before </div>
flatten_cp_bin_intervals.html:50:1 (flatten_cp_bin_intervals.Rd:12): Warning: missing </ul> before </div>
minq_to_alpha.html:50:1 (minq_to_alpha.Rd:12): Warning: missing </ul> before </div>
pinterval_bcbootstrap.html:110:1 (pinterval_bcbootstrap.Rd:48): Warning: missing </ul> before </div>
weights_calculator.html:50:1 (weights_calculator.Rd:12): Warning: missing </ul> before </div>
Flavor: r-devel-linux-x86_64-debian-gcc