Last updated on 2025-11-09 07:50:01 CET.
| Flavor | Version | Tinstall | Tcheck | Ttotal | Status | Flags |
|---|---|---|---|---|---|---|
| r-devel-linux-x86_64-debian-clang | 2.8-5 | 5.28 | 62.41 | 67.69 | OK | |
| r-devel-linux-x86_64-debian-gcc | 2.8-5 | 4.23 | 45.14 | 49.37 | OK | |
| r-devel-linux-x86_64-fedora-clang | 2.8-5 | 11.00 | 89.75 | 100.75 | OK | |
| r-devel-linux-x86_64-fedora-gcc | 2.8-5 | 11.00 | 98.53 | 109.53 | OK | |
| r-devel-windows-x86_64 | 2.8-5 | 10.00 | 93.00 | 103.00 | OK | |
| r-patched-linux-x86_64 | 2.8-5 | 6.66 | 59.49 | 66.15 | OK | |
| r-release-linux-x86_64 | 2.8-5 | 4.45 | 60.11 | 64.56 | OK | |
| r-release-macos-arm64 | 2.8-5 | 2.00 | 38.00 | 40.00 | OK | |
| r-release-macos-x86_64 | 2.8-5 | 5.00 | 67.00 | 72.00 | OK | |
| r-release-windows-x86_64 | 2.8-5 | 10.00 | 91.00 | 101.00 | OK | |
| r-oldrel-macos-arm64 | 2.8-5 | 3.00 | 42.00 | 45.00 | NOTE | |
| r-oldrel-macos-x86_64 | 2.8-5 | 5.00 | 84.00 | 89.00 | NOTE | |
| r-oldrel-windows-x86_64 | 2.8-5 | 9.00 | 107.00 | 116.00 | OK |
Version: 2.8-5
Check: package dependencies
Result: NOTE
Package suggested but not available for checking: ‘Rmpi’
Flavors: r-oldrel-macos-arm64, r-oldrel-macos-x86_64