Last updated on 2025-10-21 19:51:33 CEST.
Flavor | Version | Tinstall | Tcheck | Ttotal | Status | Flags |
---|---|---|---|---|---|---|
r-devel-linux-x86_64-debian-clang | 0.1.0 | 4.10 | 54.53 | 58.63 | OK | |
r-devel-linux-x86_64-debian-gcc | 0.1.0 | 4.04 | 39.07 | 43.11 | OK | |
r-devel-linux-x86_64-fedora-clang | 0.1.0 | 11.00 | 81.24 | 92.24 | OK | |
r-devel-linux-x86_64-fedora-gcc | 0.1.0 | 16.00 | 78.01 | 94.01 | OK | |
r-devel-windows-x86_64 | 0.1.0 | 7.00 | 63.00 | 70.00 | OK | |
r-patched-linux-x86_64 | 0.1.0 | 5.15 | 51.35 | 56.50 | OK | |
r-release-linux-x86_64 | 0.1.0 | 5.44 | 51.06 | 56.50 | OK | |
r-release-macos-arm64 | 0.1.0 | 3.00 | 22.00 | 25.00 | OK | |
r-release-macos-x86_64 | 0.1.0 | 5.00 | 50.00 | 55.00 | OK | |
r-release-windows-x86_64 | 0.1.0 | 8.00 | 63.00 | 71.00 | OK | |
r-oldrel-macos-arm64 | 0.1.0 | 2.00 | 21.00 | 23.00 | NOTE | |
r-oldrel-macos-x86_64 | 0.1.0 | 6.00 | 49.00 | 55.00 | NOTE | |
r-oldrel-windows-x86_64 | 0.1.0 | 9.00 | 78.00 | 87.00 | NOTE |
Version: 0.1.0
Check: LazyData
Result: NOTE
'LazyData' is specified without a 'data' directory
Flavors: r-oldrel-macos-arm64, r-oldrel-macos-x86_64, r-oldrel-windows-x86_64