Last updated on 2025-10-20 20:49:37 CEST.
Flavor | Version | Tinstall | Tcheck | Ttotal | Status | Flags |
---|---|---|---|---|---|---|
r-devel-linux-x86_64-debian-clang | 1.1.3 | 6.05 | 49.73 | 55.78 | NOTE | |
r-devel-linux-x86_64-debian-gcc | 1.1.3 | 4.09 | 37.33 | 41.42 | NOTE | |
r-devel-linux-x86_64-fedora-clang | 1.1.3 | 82.69 | OK | |||
r-devel-linux-x86_64-fedora-gcc | 1.1.3 | 76.29 | OK | |||
r-devel-windows-x86_64 | 1.1.3 | 7.00 | 65.00 | 72.00 | OK | |
r-patched-linux-x86_64 | 1.1.3 | 6.03 | 44.58 | 50.61 | OK | |
r-release-linux-x86_64 | 1.1.3 | 5.23 | 44.64 | 49.87 | OK | |
r-release-macos-arm64 | 1.1.3 | 29.00 | OK | |||
r-release-macos-x86_64 | 1.1.3 | 47.00 | OK | |||
r-release-windows-x86_64 | 1.1.3 | 10.00 | 67.00 | 77.00 | OK | |
r-oldrel-macos-arm64 | 1.1.3 | 29.00 | OK | |||
r-oldrel-macos-x86_64 | 1.1.3 | 41.00 | OK | |||
r-oldrel-windows-x86_64 | 1.1.3 | 10.00 | 79.00 | 89.00 | OK |
Version: 1.1.3
Check: CRAN incoming feasibility
Result: NOTE
Maintainer: ‘Robrecht Cannoodt <rcannood@gmail.com>’
Package CITATION file contains call(s) to old-style citEntry(). Please
use bibentry() instead.
Flavors: r-devel-linux-x86_64-debian-clang, r-devel-linux-x86_64-debian-gcc
Version: 1.1.3
Check: DESCRIPTION meta-information
Result: NOTE
Author field differs from that derived from Authors@R
Author: ‘Robrecht Cannoodt [aut, cre] (<https://orcid.org/0000-0003-3641-729X>, rcannood), Wouter Saelens [aut] (<https://orcid.org/0000-0002-7114-6248>, zouter)’
Authors@R: ‘Robrecht Cannoodt [aut, cre] (ORCID: <https://orcid.org/0000-0003-3641-729X>, github: rcannood), Wouter Saelens [aut] (ORCID: <https://orcid.org/0000-0002-7114-6248>, github: zouter)’
Flavors: r-devel-linux-x86_64-debian-clang, r-devel-linux-x86_64-debian-gcc
Version: 1.1.3
Check: HTML version of manual
Result: NOTE
Found the following HTML validation problems:
cat_remote.html:56:1 (cat_remote.Rd:16): Warning: missing </ul> before </div>
create_ssh_connection.html:47:1 (create_ssh_connection.Rd:11): Warning: missing </ul> before </div>
get_default_qsub_config.html:47:1 (get_default_qsub_config.Rd:10): Warning: missing </ul> before </div>
instantiate_qsub_config.html:48:1 (instantiate_qsub_config.Rd:12): Warning: missing </ul> before </div>
is_job_running.html:46:1 (is_job_running.Rd:10): Warning: missing </ul> before </div>
is_qsub_config.html:46:1 (is_qsub_config.Rd:10): Warning: missing </ul> before </div>
is_remote_local.html:46:1 (is_remote_local.Rd:10): Warning: missing </ul> before </div>
ls_remote.html:56:1 (ls_remote.Rd:16): Warning: missing </ul> before </div>
mkdir_remote.html:57:1 (mkdir_remote.Rd:17): Warning: missing </ul> before </div>
qacct.html:46:1 (qacct.Rd:10): Warning: missing </ul> before </div>
qacct_remote.html:52:1 (qacct_remote.Rd:14): Warning: missing </ul> before </div>
qstat_j.html:46:1 (qstat_j.Rd:10): Warning: missing </ul> before </div>
qstat_j_remote.html:52:1 (qstat_j_remote.Rd:14): Warning: missing </ul> before </div>
qstat_remote.html:52:1 (qstat_remote.Rd:14): Warning: missing </ul> before </div>
qsub_retrieve.html:54:1 (qsub_retrieve.Rd:14): Warning: missing </ul> before </div>
rm_remote.html:64:1 (rm_remote.Rd:20): Warning: missing </ul> before </div>
test_qsub_config.html:46:1 (test_qsub_config.Rd:10): Warning: missing </ul> before </div>
write_remote.html:60:1 (write_remote.Rd:18): Warning: missing </ul> before </div>
Flavor: r-devel-linux-x86_64-debian-gcc