CRAN Package Check Results for Package r2mlm

Last updated on 2025-09-30 20:50:48 CEST.

Flavor Version Tinstall Tcheck Ttotal Status Flags
r-devel-linux-x86_64-debian-clang 0.3.8 10.43 94.25 104.68 OK
r-devel-linux-x86_64-debian-gcc 0.3.8 7.09 67.63 74.72 OK
r-devel-linux-x86_64-fedora-clang 0.3.8 160.84 OK
r-devel-linux-x86_64-fedora-gcc 0.3.8 154.59 OK
r-devel-windows-x86_64 0.3.8 12.00 98.00 110.00 OK
r-patched-linux-x86_64 0.3.8 10.29 89.95 100.24 OK
r-release-linux-x86_64 0.3.8 9.92 88.92 98.84 OK
r-release-macos-arm64 0.3.8 42.00 OK
r-release-macos-x86_64 0.3.8 100.00 OK
r-release-windows-x86_64 0.3.8 13.00 99.00 112.00 OK
r-oldrel-macos-arm64 0.3.8 50.00 NOTE
r-oldrel-macos-x86_64 0.3.8 95.00 NOTE
r-oldrel-windows-x86_64 0.3.8 15.00 125.00 140.00 NOTE

Check Details

Version: 0.3.8
Check: package dependencies
Result: NOTE Package suggested but not available for checking: ‘bootmlm’ Flavors: r-oldrel-macos-arm64, r-oldrel-macos-x86_64, r-oldrel-windows-x86_64